CRAN Package Check Results for Package sparkbq

Last updated on 2024-06-16 08:56:02 CEST.

Flavor Version Tinstall Tcheck Ttotal Status Flags
r-devel-linux-x86_64-debian-clang 0.1.1 7.45 62.75 70.20 NOTE
r-devel-linux-x86_64-debian-gcc 0.1.1 6.15 46.27 52.42 NOTE
r-devel-linux-x86_64-fedora-clang 0.1.1 88.45 NOTE
r-devel-linux-x86_64-fedora-gcc 0.1.1 81.48 NOTE
r-devel-windows-x86_64 0.1.1 7.00 64.00 71.00 NOTE
r-patched-linux-x86_64 0.1.1 6.22 60.70 66.92 NOTE
r-release-linux-x86_64 0.1.1 4.67 60.46 65.13 NOTE
r-release-macos-arm64 0.1.1 27.00 NOTE
r-release-macos-x86_64 0.1.1 40.00 NOTE
r-release-windows-x86_64 0.1.1 7.00 65.00 72.00 NOTE
r-oldrel-macos-arm64 0.1.1 29.00 NOTE
r-oldrel-macos-x86_64 0.1.1 48.00 NOTE
r-oldrel-windows-x86_64 0.1.1 9.00 75.00 84.00 NOTE

Check Details

Version: 0.1.1
Check: LazyData
Result: NOTE 'LazyData' is specified without a 'data' directory Flavors: r-devel-linux-x86_64-debian-clang, r-devel-linux-x86_64-debian-gcc, r-devel-linux-x86_64-fedora-clang, r-devel-linux-x86_64-fedora-gcc, r-devel-windows-x86_64, r-patched-linux-x86_64, r-release-linux-x86_64, r-release-macos-arm64, r-release-macos-x86_64, r-release-windows-x86_64, r-oldrel-macos-arm64, r-oldrel-macos-x86_64, r-oldrel-windows-x86_64