CRAN Package Check Results for Package sparkwarc

Last updated on 2024-06-15 08:49:50 CEST.

Flavor Version Tinstall Tcheck Ttotal Status Flags
r-devel-linux-x86_64-debian-clang 0.1.6 24.22 67.18 91.40 NOTE
r-devel-linux-x86_64-debian-gcc 0.1.6 17.65 49.38 67.03 NOTE
r-devel-linux-x86_64-fedora-clang 0.1.6 127.60 NOTE
r-devel-linux-x86_64-fedora-gcc 0.1.6 117.62 NOTE
r-devel-windows-x86_64 0.1.6 22.00 81.00 103.00 NOTE
r-patched-linux-x86_64 0.1.6 20.19 64.68 84.87 NOTE
r-release-linux-x86_64 0.1.6 15.56 64.75 80.31 NOTE
r-release-macos-arm64 0.1.6 33.00 NOTE
r-release-macos-x86_64 0.1.6 50.00 NOTE
r-release-windows-x86_64 0.1.6 21.00 86.00 107.00 NOTE
r-oldrel-macos-arm64 0.1.6 36.00 NOTE
r-oldrel-macos-x86_64 0.1.6 71.00 NOTE
r-oldrel-windows-x86_64 0.1.6 27.00 105.00 132.00 NOTE

Check Details

Version: 0.1.6
Check: C++ specification
Result: NOTE Specified C++11: please drop specification unless essential Flavors: r-devel-linux-x86_64-debian-clang, r-devel-linux-x86_64-debian-gcc, r-devel-linux-x86_64-fedora-clang, r-devel-linux-x86_64-fedora-gcc, r-devel-windows-x86_64, r-patched-linux-x86_64, r-release-linux-x86_64, r-release-macos-arm64, r-release-macos-x86_64, r-release-windows-x86_64, r-oldrel-macos-arm64, r-oldrel-macos-x86_64, r-oldrel-windows-x86_64