Last updated on 2024-03-12 07:50:08 CET.
Flavor | Version | Tinstall | Tcheck | Ttotal | Status | Flags |
---|---|---|---|---|---|---|
r-devel-linux-x86_64-debian-clang | 1.6 | 9.05 | 77.53 | 86.58 | WARN | |
r-devel-linux-x86_64-debian-gcc | 1.6 | 6.53 | 60.80 | 67.33 | OK | |
r-devel-linux-x86_64-fedora-clang | 1.6 | 109.39 | OK | |||
r-devel-linux-x86_64-fedora-gcc | 1.6 | 107.83 | OK | |||
r-devel-windows-x86_64 | 1.6 | 10.00 | 82.00 | 92.00 | OK | |
r-patched-linux-x86_64 | 1.6 | 9.48 | 79.98 | 89.46 | OK | |
r-release-linux-x86_64 | 1.6 | 9.31 | 78.44 | 87.75 | OK | |
r-release-macos-arm64 | 1.6 | 47.00 | OK | |||
r-release-macos-x86_64 | 1.6 | 91.00 | OK | |||
r-release-windows-x86_64 | 1.6 | 13.00 | 92.00 | 105.00 | OK | |
r-oldrel-macos-arm64 | 1.6 | 43.00 | OK | |||
r-oldrel-windows-x86_64 | 1.6 | 12.00 | 95.00 | 107.00 | OK |
Version: 1.6
Check: whether package can be installed
Result: WARN
Found the following significant warnings:
flang-new: warning: argument unused during compilation: '-Wall' [-Wunused-command-line-argument]
See ‘/home/hornik/tmp/R.check/r-devel-clang/Work/PKGS/sparsenet.Rcheck/00install.out’ for details.
* used C compiler: ‘Debian clang version 18.1.0 (rc4-1)’
* used Fortran compiler: ‘Debian flang-new version 18.1.0 (rc4-1)’
Flavor: r-devel-linux-x86_64-debian-clang