Last updated on 2024-04-17 08:57:46 CEST.
Flavor | Version | Tinstall | Tcheck | Ttotal | Status | Flags |
---|---|---|---|---|---|---|
r-devel-linux-x86_64-debian-clang | 0.8.4 | 102.03 | 37.56 | 139.59 | NOTE | |
r-devel-linux-x86_64-debian-gcc | 0.8.4 | 84.94 | 28.27 | 113.21 | NOTE | |
r-devel-linux-x86_64-fedora-clang | 0.8.4 | 218.24 | NOTE | |||
r-devel-linux-x86_64-fedora-gcc | 0.8.4 | 221.67 | NOTE | |||
r-prerel-macos-arm64 | 0.8.4 | 47.00 | NOTE | |||
r-prerel-windows-x86_64 | 0.8.4 | 79.00 | 71.00 | 150.00 | NOTE | |
r-patched-linux-x86_64 | 0.8.4 | 96.68 | 35.03 | 131.71 | NOTE | |
r-release-linux-x86_64 | 0.8.4 | 95.12 | 34.06 | 129.18 | NOTE | |
r-release-macos-arm64 | 0.8.4 | 55.00 | NOTE | |||
r-release-macos-x86_64 | 0.8.4 | 91.00 | NOTE | |||
r-release-windows-x86_64 | 0.8.4 | 101.00 | 78.00 | 179.00 | NOTE | |
r-oldrel-macos-arm64 | 0.8.4 | 48.00 | OK | |||
r-oldrel-windows-x86_64 | 0.8.4 | 100.00 | 75.00 | 175.00 | OK |
Version: 0.8.4
Check: C++ specification
Result: NOTE
Specified C++11: please drop specification unless essential
Flavors: r-devel-linux-x86_64-debian-clang, r-devel-linux-x86_64-debian-gcc, r-devel-linux-x86_64-fedora-clang, r-devel-linux-x86_64-fedora-gcc, r-prerel-macos-arm64, r-prerel-windows-x86_64, r-patched-linux-x86_64, r-release-linux-x86_64, r-release-macos-arm64, r-release-macos-x86_64, r-release-windows-x86_64