Last updated on 2024-04-23 08:58:18 CEST.
Flavor | Version | Tinstall | Tcheck | Ttotal | Status | Flags |
---|---|---|---|---|---|---|
r-devel-linux-x86_64-debian-clang | 1.3 | 37.19 | 120.58 | 157.77 | NOTE | |
r-devel-linux-x86_64-debian-gcc | 1.3 | 27.10 | 88.36 | 115.46 | NOTE | |
r-devel-linux-x86_64-fedora-clang | 1.3 | 199.17 | NOTE | |||
r-devel-linux-x86_64-fedora-gcc | 1.3 | 194.45 | NOTE | |||
r-prerel-macos-arm64 | 1.3 | 47.00 | NOTE | |||
r-prerel-windows-x86_64 | 1.3 | 30.00 | 116.00 | 146.00 | NOTE | |
r-patched-linux-x86_64 | 1.3 | 26.17 | 116.22 | 142.39 | NOTE | |
r-release-linux-x86_64 | 1.3 | 24.24 | 116.62 | 140.86 | NOTE | |
r-release-macos-arm64 | 1.3 | 60.00 | NOTE | |||
r-release-macos-x86_64 | 1.3 | 91.00 | NOTE | |||
r-release-windows-x86_64 | 1.3 | 37.00 | 149.00 | 186.00 | NOTE | |
r-oldrel-macos-arm64 | 1.3 | 51.00 | NOTE | |||
r-oldrel-windows-x86_64 | 1.3 | 37.00 | 142.00 | 179.00 | NOTE |
Version: 1.3
Check: LazyData
Result: NOTE
'LazyData' is specified without a 'data' directory
Flavors: r-devel-linux-x86_64-debian-clang, r-devel-linux-x86_64-debian-gcc, r-devel-linux-x86_64-fedora-clang, r-devel-linux-x86_64-fedora-gcc, r-prerel-macos-arm64, r-prerel-windows-x86_64, r-patched-linux-x86_64, r-release-linux-x86_64, r-release-macos-arm64, r-release-macos-x86_64, r-release-windows-x86_64, r-oldrel-macos-arm64, r-oldrel-windows-x86_64