CRAN Package Check Results for Package spate

Last updated on 2021-07-25 08:51:12 CEST.

Flavor Version Tinstall Tcheck Ttotal Status Flags
r-devel-linux-x86_64-debian-clang 1.7 7.65 77.08 84.73 OK
r-devel-linux-x86_64-debian-gcc 1.7 5.14 56.32 61.46 OK
r-devel-linux-x86_64-fedora-clang 1.7 110.10 NOTE
r-devel-linux-x86_64-fedora-gcc 1.7 98.79 NOTE
r-devel-windows-x86_64 1.7 9.00 78.00 87.00 OK
r-devel-windows-x86_64-gcc10-UCRT 1.7 OK
r-patched-linux-x86_64 1.7 6.76 75.10 81.86 OK
r-patched-solaris-x86 1.7 139.00 OK
r-release-linux-x86_64 1.7 5.77 73.93 79.70 OK
r-release-macos-arm64 1.7 OK
r-release-macos-x86_64 1.7 OK
r-release-windows-ix86+x86_64 1.7 13.00 95.00 108.00 OK
r-oldrel-macos-x86_64 1.7 OK
r-oldrel-windows-ix86+x86_64 1.7 14.00 93.00 107.00 OK

Check Details

Version: 1.7
Check: compiled code
Result: NOTE
    File ‘spate/libs/spate.so’:
     Found no calls to: ‘R_registerRoutines’, ‘R_useDynamicSymbols’
    
    It is good practice to register native routines and to disable symbol
    search.
    
    See ‘Writing portable packages’ in the ‘Writing R Extensions’ manual.
Flavors: r-devel-linux-x86_64-fedora-clang, r-devel-linux-x86_64-fedora-gcc