Last updated on 2024-04-23 08:58:18 CEST.
Flavor | Version | Tinstall | Tcheck | Ttotal | Status | Flags |
---|---|---|---|---|---|---|
r-devel-linux-x86_64-debian-clang | 0.2.5 | 243.61 | 40.77 | 284.38 | NOTE | |
r-devel-linux-x86_64-debian-gcc | 0.2.5 | 212.49 | 30.87 | 243.36 | NOTE | |
r-devel-linux-x86_64-fedora-clang | 0.2.5 | 404.20 | NOTE | |||
r-devel-linux-x86_64-fedora-gcc | 0.2.5 | 469.89 | NOTE | |||
r-prerel-macos-arm64 | 0.2.5 | 86.00 | NOTE | |||
r-prerel-macos-x86_64 | 0.2.5 | 95.00 | NOTE | |||
r-prerel-windows-x86_64 | 0.2.5 | 193.00 | 86.00 | 279.00 | NOTE | |
r-patched-linux-x86_64 | 0.2.5 | 254.19 | 39.19 | 293.38 | NOTE | |
r-release-linux-x86_64 | 0.2.5 | 255.54 | 37.98 | 293.52 | NOTE | |
r-release-macos-arm64 | 0.2.5 | 89.00 | NOTE | |||
r-release-macos-x86_64 | 0.2.5 | 107.00 | NOTE | |||
r-release-windows-x86_64 | 0.2.5 | 235.00 | 97.00 | 332.00 | NOTE | |
r-oldrel-macos-arm64 | 0.2.5 | 85.00 | NOTE | |||
r-oldrel-windows-x86_64 | 0.2.5 | 222.00 | 94.00 | 316.00 | OK |
Version: 0.2.5
Check: C++ specification
Result: NOTE
Specified C++14: please drop specification unless essential
Flavors: r-devel-linux-x86_64-debian-clang, r-devel-linux-x86_64-debian-gcc, r-devel-linux-x86_64-fedora-clang, r-devel-linux-x86_64-fedora-gcc, r-prerel-macos-arm64, r-prerel-macos-x86_64, r-prerel-windows-x86_64, r-patched-linux-x86_64, r-release-linux-x86_64, r-release-macos-arm64, r-release-macos-x86_64, r-release-windows-x86_64
Version: 0.2.5
Check: installed package size
Result: NOTE
installed size is 13.0Mb
sub-directories of 1Mb or more:
doc 1.2Mb
libs 11.5Mb
Flavors: r-prerel-macos-arm64, r-prerel-macos-x86_64, r-release-macos-arm64, r-release-macos-x86_64, r-oldrel-macos-arm64