CRAN Package Check Results for Package spatialwidget

Last updated on 2021-05-12 08:49:07 CEST.

Flavor Version Tinstall Tcheck Ttotal Status Flags
r-devel-linux-x86_64-debian-clang 0.2.3 282.48 35.98 318.46 OK
r-devel-linux-x86_64-debian-gcc 0.2.3 225.16 28.00 253.16 OK
r-devel-linux-x86_64-fedora-clang 0.2.3 447.11 NOTE
r-devel-linux-x86_64-fedora-gcc 0.2.3 467.48 OK
r-devel-windows-ix86+x86_64 0.2.3 481.00 92.00 573.00 NOTE
r-devel-windows-x86_64-gcc10-UCRT 0.2.3 OK
r-patched-linux-x86_64 0.2.3 254.22 34.73 288.95 OK
r-patched-solaris-x86 0.2.3 346.00 OK
r-release-linux-x86_64 0.2.3 254.38 33.09 287.47 OK
r-release-macos-x86_64 0.2.3 NOTE
r-release-windows-ix86+x86_64 0.2.3 462.00 75.00 537.00 NOTE
r-oldrel-macos-x86_64 0.2.3 NOTE
r-oldrel-windows-ix86+x86_64 0.2.3 609.00 91.00 700.00 NOTE

Check Details

Version: 0.2.3
Check: installed package size
Result: NOTE
     installed size is 22.1Mb
     sub-directories of 1Mb or more:
     doc 1.2Mb
     libs 20.5Mb
Flavors: r-devel-linux-x86_64-fedora-clang, r-devel-windows-ix86+x86_64, r-release-macos-x86_64, r-release-windows-ix86+x86_64, r-oldrel-macos-x86_64, r-oldrel-windows-ix86+x86_64