Last updated on 2024-04-17 08:57:46 CEST.
Flavor | Version | Tinstall | Tcheck | Ttotal | Status | Flags |
---|---|---|---|---|---|---|
r-devel-linux-x86_64-debian-clang | 3.2-9 | 63.92 | 426.56 | 490.48 | OK | |
r-devel-linux-x86_64-debian-gcc | 3.2-9 | 52.83 | 301.03 | 353.86 | OK | |
r-devel-linux-x86_64-fedora-clang | 3.2-9 | 602.49 | OK | |||
r-devel-linux-x86_64-fedora-gcc | 3.2-9 | 576.92 | OK | |||
r-prerel-macos-arm64 | 3.2-9 | 134.00 | NOTE | |||
r-prerel-macos-x86_64 | 3.2-9 | 402.00 | NOTE | |||
r-prerel-windows-x86_64 | 3.2-9 | 78.00 | 440.00 | 518.00 | OK | |
r-patched-linux-x86_64 | 3.2-9 | 91.63 | 404.72 | 496.35 | OK | |
r-release-linux-x86_64 | 3.2-9 | 70.82 | 409.45 | 480.27 | OK | |
r-release-macos-arm64 | 3.2-9 | 146.00 | OK | |||
r-release-macos-x86_64 | 3.2-9 | 370.00 | NOTE | |||
r-release-windows-x86_64 | 3.2-9 | 96.00 | 551.00 | 647.00 | OK | |
r-oldrel-macos-arm64 | 3.2-9 | 140.00 | NOTE | |||
r-oldrel-windows-x86_64 | 3.2-9 | 94.00 | 491.00 | 585.00 | OK |
Version: 3.2-9
Check: installed package size
Result: NOTE
installed size is 5.2Mb
sub-directories of 1Mb or more:
R 2.1Mb
help 1.9Mb
Flavors: r-prerel-macos-arm64, r-prerel-macos-x86_64, r-release-macos-x86_64, r-oldrel-macos-arm64