CRAN Package Check Results for Package spatstat.gui

Last updated on 2021-07-25 08:51:12 CEST.

Flavor Version Tinstall Tcheck Ttotal Status Flags
r-devel-linux-x86_64-debian-clang 2.0-0 8.57 100.26 108.83 NOTE
r-devel-linux-x86_64-debian-gcc 2.0-0 7.97 77.99 85.96 NOTE
r-devel-linux-x86_64-fedora-clang 2.0-0 143.28 NOTE
r-devel-linux-x86_64-fedora-gcc 2.0-0 130.32 NOTE
r-devel-windows-x86_64 2.0-0 11.00 88.00 99.00 NOTE
r-devel-windows-x86_64-gcc10-UCRT 2.0-0 NOTE
r-patched-linux-x86_64 2.0-0 9.68 99.66 109.34 NOTE
r-patched-solaris-x86 2.0-0 192.80 NOTE
r-release-linux-x86_64 2.0-0 9.30 97.23 106.53 NOTE
r-release-macos-arm64 2.0-0 ERROR
r-release-macos-x86_64 2.0-0 ERROR
r-release-windows-ix86+x86_64 2.0-0 20.00 89.00 109.00 NOTE
r-oldrel-macos-x86_64 2.0-0 ERROR
r-oldrel-windows-ix86+x86_64 2.0-0 21.00 122.00 143.00 NOTE

Check Details

Version: 2.0-0
Check: package dependencies
Result: NOTE
    Depends: includes the non-default packages:
     'spatstat.geom', 'spatstat.core', 'spatstat.linnet', 'spatstat.data',
     'rpanel', 'tcltk'
    Adding so many packages to the search path is excessive and importing
    selectively is preferable.
Flavors: r-devel-linux-x86_64-debian-clang, r-devel-linux-x86_64-debian-gcc, r-devel-linux-x86_64-fedora-clang, r-devel-linux-x86_64-fedora-gcc, r-devel-windows-x86_64, r-devel-windows-x86_64-gcc10-UCRT, r-patched-linux-x86_64, r-patched-solaris-x86, r-release-linux-x86_64, r-release-windows-ix86+x86_64, r-oldrel-windows-ix86+x86_64

Version: 2.0-0
Check: package dependencies
Result: ERROR
    Package required but not available: ‘rpanel’
    
    Depends: includes the non-default packages:
     'spatstat.geom', 'spatstat.core', 'spatstat.linnet', 'spatstat.data',
     'rpanel', 'tcltk'
    Adding so many packages to the search path is excessive and importing
    selectively is preferable.
    
    See section ‘The DESCRIPTION file’ in the ‘Writing R Extensions’
    manual.
Flavors: r-release-macos-arm64, r-release-macos-x86_64, r-oldrel-macos-x86_64