Last updated on 2024-04-24 07:57:54 CEST.
Flavor | Version | Tinstall | Tcheck | Ttotal | Status | Flags |
---|---|---|---|---|---|---|
r-devel-linux-x86_64-debian-clang | 3.2-11 | 44.41 | 553.64 | 598.05 | NOTE | |
r-devel-linux-x86_64-debian-gcc | 3.2-11 | 39.46 | 384.79 | 424.25 | NOTE | |
r-devel-linux-x86_64-fedora-clang | 3.2-11 | 706.42 | NOTE | |||
r-devel-linux-x86_64-fedora-gcc | 3.2-11 | 679.53 | NOTE | |||
r-prerel-macos-arm64 | 3.2-11 | 181.00 | NOTE | |||
r-prerel-macos-x86_64 | 3.2-11 | 608.00 | NOTE | |||
r-prerel-windows-x86_64 | 3.2-11 | 43.00 | 477.00 | 520.00 | NOTE | |
r-patched-linux-x86_64 | 3.2-11 | 69.00 | 536.38 | 605.38 | NOTE | |
r-release-linux-x86_64 | 3.2-11 | 40.85 | 520.59 | 561.44 | NOTE | |
r-release-macos-arm64 | 3.2-11 | 181.00 | NOTE | |||
r-release-macos-x86_64 | 3.2-11 | 470.00 | NOTE | |||
r-release-windows-x86_64 | 3.2-11 | 65.00 | 609.00 | 674.00 | NOTE | |
r-oldrel-macos-arm64 | 3.2-11 | 178.00 | NOTE | |||
r-oldrel-windows-x86_64 | 3.2-11 | 60.00 | 579.00 | 639.00 | NOTE |
Version: 3.2-11
Check: package dependencies
Result: NOTE
Depends: includes the non-default packages:
'spatstat.data', 'spatstat.geom', 'spatstat.random',
'spatstat.explore', 'nlme', 'rpart'
Adding so many packages to the search path is excessive and importing
selectively is preferable.
Flavors: r-devel-linux-x86_64-debian-clang, r-devel-linux-x86_64-debian-gcc, r-devel-linux-x86_64-fedora-clang, r-devel-linux-x86_64-fedora-gcc, r-prerel-macos-arm64, r-prerel-macos-x86_64, r-prerel-windows-x86_64, r-patched-linux-x86_64, r-release-linux-x86_64, r-release-macos-arm64, r-release-macos-x86_64, r-release-windows-x86_64, r-oldrel-macos-arm64, r-oldrel-windows-x86_64