Last updated on 2021-04-16 08:48:42 CEST.
Flavor | Version | Tinstall | Tcheck | Ttotal | Status | Flags |
---|---|---|---|---|---|---|
r-devel-linux-x86_64-debian-clang | 1.6 | 32.33 | 260.88 | 293.21 | OK | |
r-devel-linux-x86_64-debian-gcc | 1.6 | 27.08 | 196.40 | 223.48 | OK | |
r-devel-linux-x86_64-fedora-clang | 1.6 | 362.61 | NOTE | |||
r-devel-linux-x86_64-fedora-gcc | 1.6 | 359.17 | NOTE | |||
r-devel-windows-ix86+x86_64 | 1.6 | 64.00 | 210.00 | 274.00 | OK | |
r-devel-windows-x86_64-gcc10-UCRT | 1.6 | NOTE | ||||
r-patched-linux-x86_64 | 1.6 | 32.85 | 239.97 | 272.82 | OK | |
r-patched-solaris-x86 | 1.6 | 462.50 | NOTE | |||
r-release-linux-x86_64 | 1.6 | 30.73 | 239.19 | 269.92 | OK | |
r-release-macos-x86_64 | 1.6 | NOTE | ||||
r-release-windows-ix86+x86_64 | 1.6 | 67.00 | 272.00 | 339.00 | OK | |
r-oldrel-macos-x86_64 | 1.6 | NOTE | ||||
r-oldrel-windows-ix86+x86_64 | 1.6 | 38.00 | 260.00 | 298.00 | OK |
Version: 1.6
Check: dependencies in R code
Result: NOTE
Namespace in Imports field not imported from: ‘spatstat’
All declared Imports should be used.
Flavors: r-devel-linux-x86_64-fedora-clang, r-devel-linux-x86_64-fedora-gcc, r-devel-windows-x86_64-gcc10-UCRT, r-patched-solaris-x86, r-release-macos-x86_64, r-oldrel-macos-x86_64