CRAN Package Check Results for Package spectralGraphTopology

Last updated on 2021-05-10 08:49:27 CEST.

Flavor Version Tinstall Tcheck Ttotal Status Flags
r-devel-linux-x86_64-debian-clang 0.2.0 57.14 54.40 111.54 NOTE
r-devel-linux-x86_64-debian-gcc 0.2.0 37.46 41.67 79.13 NOTE
r-devel-linux-x86_64-fedora-clang 0.2.0 159.68 NOTE
r-devel-linux-x86_64-fedora-gcc 0.2.0 131.29 NOTE
r-devel-windows-ix86+x86_64 0.2.0 98.00 113.00 211.00 NOTE
r-devel-windows-x86_64-gcc10-UCRT 0.2.0 NOTE
r-patched-linux-x86_64 0.2.0 44.63 58.43 103.06 NOTE
r-patched-solaris-x86 0.2.0 162.20 NOTE
r-release-linux-x86_64 0.2.0 42.27 59.68 101.95 OK
r-release-macos-x86_64 0.2.0 NOTE
r-release-windows-ix86+x86_64 0.2.0 104.00 88.00 192.00 NOTE
r-oldrel-macos-x86_64 0.2.0 NOTE
r-oldrel-windows-ix86+x86_64 0.2.0 114.00 106.00 220.00 NOTE

Check Details

Version: 0.2.0
Check: LazyData
Result: NOTE
     'LazyData' is specified without a 'data' directory
Flavors: r-devel-linux-x86_64-debian-clang, r-devel-linux-x86_64-debian-gcc, r-devel-linux-x86_64-fedora-clang, r-devel-linux-x86_64-fedora-gcc, r-devel-windows-ix86+x86_64, r-devel-windows-x86_64-gcc10-UCRT, r-patched-linux-x86_64, r-patched-solaris-x86

Version: 0.2.0
Check: installed package size
Result: NOTE
     installed size is 6.1Mb
     sub-directories of 1Mb or more:
     doc 3.1Mb
     libs 2.6Mb
Flavors: r-devel-linux-x86_64-fedora-clang, r-devel-windows-ix86+x86_64, r-release-macos-x86_64, r-release-windows-ix86+x86_64, r-oldrel-macos-x86_64, r-oldrel-windows-ix86+x86_64