CRAN Package Check Results for Package speedglm

Last updated on 2021-06-25 09:53:02 CEST.

Flavor Version Tinstall Tcheck Ttotal Status Flags
r-devel-linux-x86_64-debian-clang 0.3-3 11.57 78.36 89.93 OK
r-devel-linux-x86_64-debian-gcc 0.3-3 6.87 59.72 66.59 OK
r-devel-linux-x86_64-fedora-clang 0.3-3 112.94 NOTE
r-devel-linux-x86_64-fedora-gcc 0.3-3 103.98 OK
r-devel-windows-x86_64 0.3-3 14.00 78.00 92.00 OK
r-devel-windows-x86_64-gcc10-UCRT 0.3-3 OK
r-patched-linux-x86_64 0.3-3 9.07 76.10 85.17 OK
r-patched-solaris-x86 0.3-3 153.10 OK
r-release-linux-x86_64 0.3-3 9.11 74.76 83.87 OK
r-release-macos-arm64 0.3-3 OK
r-release-macos-x86_64 0.3-3 OK
r-release-windows-ix86+x86_64 0.3-3 19.00 96.00 115.00 OK
r-oldrel-macos-x86_64 0.3-3 OK
r-oldrel-windows-ix86+x86_64 0.3-3 19.00 93.00 112.00 OK

Check Details

Version: 0.3-3
Check: Rd cross-references
Result: NOTE
    Undeclared package ‘biglm’ in Rd xrefs
Flavor: r-devel-linux-x86_64-fedora-clang