Last updated on 2024-03-12 07:50:08 CET.
Flavor | Version | Tinstall | Tcheck | Ttotal | Status | Flags |
---|---|---|---|---|---|---|
r-devel-linux-x86_64-debian-clang | 1.1-19 | 14.09 | 128.20 | 142.29 | OK | |
r-devel-linux-x86_64-debian-gcc | 1.1-19 | 15.39 | 99.16 | 114.55 | OK | |
r-devel-linux-x86_64-fedora-clang | 1.1-19 | 187.90 | OK | |||
r-devel-linux-x86_64-fedora-gcc | 1.1-19 | 190.49 | OK | |||
r-devel-windows-x86_64 | 1.1-19 | 17.00 | 103.00 | 120.00 | OK | --no-vignettes |
r-patched-linux-x86_64 | 1.1-19 | 20.33 | 129.48 | 149.81 | OK | |
r-release-linux-x86_64 | 1.1-19 | 15.16 | 125.34 | 140.50 | OK | |
r-release-macos-arm64 | 1.1-19 | 66.00 | OK | |||
r-release-macos-x86_64 | 1.1-19 | 103.00 | NOTE | |||
r-release-windows-x86_64 | 1.1-19 | 22.00 | 128.00 | 150.00 | OK | --no-vignettes |
r-oldrel-macos-arm64 | 1.1-19 | 52.00 | OK | |||
r-oldrel-windows-x86_64 | 1.1-19 | 20.00 | 122.00 | 142.00 | OK | --no-vignettes |
Version: 1.1-19
Check: package dependencies
Result: NOTE
Package suggested but not available for checking: ‘mboost’
Flavor: r-release-macos-x86_64