Last updated on 2024-04-24 07:57:55 CEST.
Flavor | Version | Tinstall | Tcheck | Ttotal | Status | Flags |
---|---|---|---|---|---|---|
r-devel-linux-x86_64-debian-clang | 1.2.1 | 34.43 | 27.92 | 62.35 | NOTE | |
r-devel-linux-x86_64-debian-gcc | 1.2.1 | 22.01 | 21.77 | 43.78 | NOTE | |
r-devel-linux-x86_64-fedora-clang | 1.2.1 | 85.50 | NOTE | |||
r-devel-linux-x86_64-fedora-gcc | 1.2.1 | 78.81 | NOTE | |||
r-prerel-macos-arm64 | 1.2.1 | 24.00 | NOTE | |||
r-prerel-windows-x86_64 | 1.2.1 | 27.00 | 68.00 | 95.00 | NOTE | |
r-patched-linux-x86_64 | 1.2.1 | 26.17 | 27.10 | 53.27 | NOTE | |
r-release-linux-x86_64 | 1.2.1 | 30.74 | 27.18 | 57.92 | NOTE | |
r-release-macos-arm64 | 1.2.1 | 25.00 | NOTE | |||
r-release-macos-x86_64 | 1.2.1 | 41.00 | NOTE | |||
r-release-windows-x86_64 | 1.2.1 | 31.00 | 71.00 | 102.00 | NOTE | |
r-oldrel-macos-arm64 | 1.2.1 | 28.00 | OK | |||
r-oldrel-windows-x86_64 | 1.2.1 | 31.00 | 69.00 | 100.00 | OK |
Version: 1.2.1
Check: C++ specification
Result: NOTE
Specified C++11: please drop specification unless essential
Flavors: r-devel-linux-x86_64-debian-clang, r-devel-linux-x86_64-debian-gcc, r-devel-linux-x86_64-fedora-clang, r-devel-linux-x86_64-fedora-gcc, r-prerel-macos-arm64, r-prerel-windows-x86_64, r-patched-linux-x86_64, r-release-linux-x86_64, r-release-macos-arm64, r-release-macos-x86_64, r-release-windows-x86_64
Version: 1.2.1
Check: Rd files
Result: NOTE
checkRd: (-1) spnn-package.Rd:15: Lost braces in \itemize; meant \describe ?
checkRd: (-1) spnn-package.Rd:16: Lost braces in \itemize; meant \describe ?
checkRd: (-1) spnn-package.Rd:17: Lost braces in \itemize; meant \describe ?
checkRd: (-1) spnn-package.Rd:18: Lost braces in \itemize; meant \describe ?
Flavors: r-devel-linux-x86_64-debian-clang, r-devel-linux-x86_64-debian-gcc, r-devel-linux-x86_64-fedora-clang, r-devel-linux-x86_64-fedora-gcc, r-prerel-macos-arm64, r-prerel-windows-x86_64, r-patched-linux-x86_64