Last updated on 2024-04-24 07:57:55 CEST.
Flavor | Version | Tinstall | Tcheck | Ttotal | Status | Flags |
---|---|---|---|---|---|---|
r-devel-linux-x86_64-debian-clang | 0.2.1 | 29.78 | 112.42 | 142.20 | OK | |
r-devel-linux-x86_64-debian-gcc | 0.2.1 | 25.41 | 81.54 | 106.95 | OK | |
r-devel-linux-x86_64-fedora-clang | 0.2.1 | 188.97 | NOTE | |||
r-devel-linux-x86_64-fedora-gcc | 0.2.1 | 193.57 | NOTE | |||
r-prerel-macos-arm64 | 0.2.1 | 54.00 | OK | |||
r-prerel-windows-x86_64 | 0.2.1 | 29.00 | 112.00 | 141.00 | OK | |
r-patched-linux-x86_64 | 0.2.1 | 30.69 | 106.34 | 137.03 | OK | |
r-release-linux-x86_64 | 0.2.1 | 32.58 | 106.09 | 138.67 | OK | |
r-release-macos-arm64 | 0.2.1 | 59.00 | OK | |||
r-release-macos-x86_64 | 0.2.1 | 117.00 | OK | |||
r-release-windows-x86_64 | 0.2.1 | 36.00 | 144.00 | 180.00 | OK | |
r-oldrel-macos-arm64 | 0.2.1 | 55.00 | OK | |||
r-oldrel-windows-x86_64 | 0.2.1 | 35.00 | 139.00 | 174.00 | OK |
Version: 0.2.1
Check: data for non-ASCII characters
Result: NOTE
Note: found 7504 marked UTF-8 strings
Flavors: r-devel-linux-x86_64-fedora-clang, r-devel-linux-x86_64-fedora-gcc