Last updated on 2024-08-31 08:48:24 CEST.
Flavor | Version | Tinstall | Tcheck | Ttotal | Status | Flags |
---|---|---|---|---|---|---|
r-devel-linux-x86_64-debian-clang | 0.2.1 | 28.00 | 86.01 | 114.01 | OK | |
r-devel-linux-x86_64-debian-gcc | 0.2.1 | 16.41 | 57.07 | 73.48 | OK | |
r-devel-linux-x86_64-fedora-clang | 0.2.1 | 178.38 | NOTE | |||
r-devel-linux-x86_64-fedora-gcc | 0.2.1 | 186.13 | NOTE | |||
r-devel-windows-x86_64 | 0.2.1 | 24.00 | 112.00 | 136.00 | OK | |
r-patched-linux-x86_64 | 0.2.1 | 21.33 | 79.23 | 100.56 | OK | |
r-release-linux-x86_64 | 0.2.1 | 21.00 | 79.14 | 100.14 | OK | |
r-release-macos-arm64 | 0.2.1 | 54.00 | OK | |||
r-release-macos-x86_64 | 0.2.1 | 87.00 | OK | |||
r-release-windows-x86_64 | 0.2.1 | 25.00 | 120.00 | 145.00 | OK | |
r-oldrel-macos-arm64 | 0.2.1 | 59.00 | OK | |||
r-oldrel-macos-x86_64 | 0.2.1 | 117.00 | OK | |||
r-oldrel-windows-x86_64 | 0.2.1 | 31.00 | 140.00 | 171.00 | OK |
Version: 0.2.1
Check: data for non-ASCII characters
Result: NOTE
Note: found 7504 marked UTF-8 strings
Flavors: r-devel-linux-x86_64-fedora-clang, r-devel-linux-x86_64-fedora-gcc