Last updated on 2021-04-16 08:48:43 CEST.
Flavor | Version | Tinstall | Tcheck | Ttotal | Status | Flags |
---|---|---|---|---|---|---|
r-devel-linux-x86_64-debian-clang | 0.2.3 | 15.82 | 134.99 | 150.81 | OK | |
r-devel-linux-x86_64-debian-gcc | 0.2.3 | 13.07 | 100.15 | 113.22 | OK | |
r-devel-linux-x86_64-fedora-clang | 0.2.3 | 193.06 | NOTE | |||
r-devel-linux-x86_64-fedora-gcc | 0.2.3 | 187.54 | NOTE | |||
r-devel-windows-ix86+x86_64 | 0.2.3 | 40.00 | 163.00 | 203.00 | OK | |
r-devel-windows-x86_64-gcc10-UCRT | 0.2.3 | NOTE | ||||
r-patched-linux-x86_64 | 0.2.3 | 15.15 | 124.52 | 139.67 | OK | |
r-patched-solaris-x86 | 0.2.3 | 248.60 | NOTE | |||
r-release-linux-x86_64 | 0.2.3 | 15.59 | 123.57 | 139.16 | OK | |
r-release-macos-x86_64 | 0.2.3 | NOTE | ||||
r-release-windows-ix86+x86_64 | 0.2.3 | 39.00 | 157.00 | 196.00 | OK | |
r-oldrel-macos-x86_64 | 0.2.3 | NOTE | ||||
r-oldrel-windows-ix86+x86_64 | 0.2.3 | 26.00 | 155.00 | 181.00 | OK |
Version: 0.2.3
Check: dependencies in R code
Result: NOTE
Namespace in Imports field not imported from: ‘batchtools’
All declared Imports should be used.
Flavors: r-devel-linux-x86_64-fedora-clang, r-devel-linux-x86_64-fedora-gcc, r-devel-windows-x86_64-gcc10-UCRT, r-patched-solaris-x86, r-release-macos-x86_64, r-oldrel-macos-x86_64