Last updated on 2024-04-24 07:57:55 CEST.
Flavor | Version | Tinstall | Tcheck | Ttotal | Status | Flags |
---|---|---|---|---|---|---|
r-devel-linux-x86_64-debian-clang | 0.1.4 | 5.00 | 96.90 | 101.90 | OK | |
r-devel-linux-x86_64-debian-gcc | 0.1.4 | 3.47 | 69.96 | 73.43 | OK | |
r-devel-linux-x86_64-fedora-clang | 0.1.4 | 123.83 | NOTE | |||
r-devel-linux-x86_64-fedora-gcc | 0.1.4 | 130.94 | NOTE | |||
r-prerel-macos-arm64 | 0.1.4 | 40.00 | OK | |||
r-prerel-windows-x86_64 | 0.1.4 | 7.00 | 89.00 | 96.00 | OK | |
r-patched-linux-x86_64 | 0.1.4 | 4.40 | 90.22 | 94.62 | OK | |
r-release-linux-x86_64 | 0.1.4 | 2.60 | 88.43 | 91.03 | OK | |
r-release-macos-arm64 | 0.1.4 | 43.00 | OK | |||
r-release-macos-x86_64 | 0.1.4 | 90.00 | OK | |||
r-release-windows-x86_64 | 0.1.4 | 7.00 | 111.00 | 118.00 | OK | |
r-oldrel-macos-arm64 | 0.1.4 | 43.00 | OK | |||
r-oldrel-windows-x86_64 | 0.1.4 | 7.00 | 110.00 | 117.00 | OK |
Version: 0.1.4
Check: dependencies in R code
Result: NOTE
Namespace in Imports field not imported from: ‘utils’
All declared Imports should be used.
Flavors: r-devel-linux-x86_64-fedora-clang, r-devel-linux-x86_64-fedora-gcc