CRAN Package Check Results for Package spreadr

Last updated on 2021-05-18 08:48:29 CEST.

Flavor Version Tinstall Tcheck Ttotal Status Flags
r-devel-linux-x86_64-debian-clang 0.2.0 17.85 46.39 64.24 OK
r-devel-linux-x86_64-debian-gcc 0.2.0 10.93 36.16 47.09 OK
r-devel-linux-x86_64-fedora-clang 0.2.0 92.73 NOTE
r-devel-linux-x86_64-fedora-gcc 0.2.0 76.63 NOTE
r-devel-windows-ix86+x86_64 0.2.0 45.00 89.00 134.00 OK
r-devel-windows-x86_64-gcc10-UCRT 0.2.0 NOTE
r-patched-linux-x86_64 0.2.0 15.80 44.71 60.51 OK
r-patched-solaris-x86 0.2.0 106.20 NOTE
r-release-linux-x86_64 0.2.0 14.61 44.75 59.36 OK
r-release-macos-x86_64 0.2.0 NOTE
r-release-windows-ix86+x86_64 0.2.0 38.00 70.00 108.00 OK
r-oldrel-macos-x86_64 0.2.0 NOTE
r-oldrel-windows-ix86+x86_64 0.2.0 32.00 65.00 97.00 OK

Check Details

Version: 0.2.0
Check: dependencies in R code
Result: NOTE
    Namespaces in Imports field not imported from:
     ‘extrafont’ ‘ggplot2’
     All declared Imports should be used.
Flavors: r-devel-linux-x86_64-fedora-clang, r-devel-linux-x86_64-fedora-gcc, r-devel-windows-x86_64-gcc10-UCRT, r-patched-solaris-x86, r-release-macos-x86_64, r-oldrel-macos-x86_64

Version: 0.2.0
Check: package dependencies
Result: NOTE
    Package suggested but not available for checking: ‘gifski’
Flavor: r-patched-solaris-x86