CRAN Package Check Results for Package spsur

Last updated on 2024-02-21 07:52:42 CET.

Flavor Version Tinstall Tcheck Ttotal Status Flags
r-devel-linux-x86_64-debian-clang 1.0.2.5 NOTE
r-devel-linux-x86_64-debian-gcc 1.0.2.5 18.70 135.58 154.28 NOTE
r-devel-linux-x86_64-fedora-clang 1.0.2.5 253.12 OK
r-devel-linux-x86_64-fedora-gcc 1.0.2.5 271.23 OK
r-devel-windows-x86_64 1.0.2.5 21.00 139.00 160.00 OK
r-patched-linux-x86_64 1.0.2.5 29.76 179.36 209.12 OK
r-release-linux-x86_64 1.0.2.5 23.86 174.76 198.62 OK
r-release-macos-arm64 1.0.2.5 83.00 OK
r-release-macos-x86_64 1.0.2.5 134.00 OK
r-release-windows-x86_64 1.0.2.5 26.00 178.00 204.00 OK
r-oldrel-macos-arm64 1.0.2.5 72.00 OK
r-oldrel-windows-x86_64 1.0.2.5 29.00 175.00 204.00 OK

Check Details

Version: 1.0.2.5
Check: Rd files
Result: NOTE checkRd: (-1) impactspsur.Rd:42: Lost braces; missing escapes or markup? 42 | and a matching \code{Qres} list attribute if {Q} was given. | ^ checkRd: (-1) spsur3sls.Rd:158: Lost braces; missing escapes or markup? 158 | the matrix of regressors, of order \emph{(Nxp_{g})}. Moreover, | ^ checkRd: (-1) spsurgs3sls.Rd:67: Lost braces; missing escapes or markup? 67 | \item{het}{default {FALSE}: if {TRUE} uses the methods | ^ checkRd: (-1) spsurgs3sls.Rd:67: Lost braces; missing escapes or markup? 67 | \item{het}{default {FALSE}: if {TRUE} uses the methods | ^ Flavors: r-devel-linux-x86_64-debian-clang, r-devel-linux-x86_64-debian-gcc