Last updated on 2024-04-17 08:57:47 CEST.
Flavor | Version | Tinstall | Tcheck | Ttotal | Status | Flags |
---|---|---|---|---|---|---|
r-devel-linux-x86_64-debian-clang | 5.5.1 | 33.73 | 443.95 | 477.68 | OK | |
r-devel-linux-x86_64-debian-gcc | 5.5.1 | 26.85 | 324.72 | 351.57 | OK | |
r-devel-linux-x86_64-fedora-clang | 5.5.1 | 591.43 | NOTE | |||
r-devel-linux-x86_64-fedora-gcc | 5.5.1 | 590.60 | OK | |||
r-prerel-macos-arm64 | 5.5.1 | 136.00 | NOTE | |||
r-prerel-windows-x86_64 | 5.5.1 | 30.00 | 277.00 | 307.00 | NOTE | |
r-patched-linux-x86_64 | 5.5.1 | 38.32 | 429.28 | 467.60 | OK | |
r-release-linux-x86_64 | 5.5.1 | 29.34 | 432.87 | 462.21 | OK | |
r-release-macos-arm64 | 5.5.1 | 139.00 | NOTE | |||
r-release-macos-x86_64 | 5.5.1 | 370.00 | NOTE | |||
r-release-windows-x86_64 | 5.5.1 | 40.00 | 374.00 | 414.00 | NOTE | |
r-oldrel-macos-arm64 | 5.5.1 | 137.00 | NOTE | |||
r-oldrel-windows-x86_64 | 5.5.1 | 40.00 | 351.00 | 391.00 | NOTE |
Version: 5.5.1
Check: installed package size
Result: NOTE
installed size is 7.1Mb
sub-directories of 1Mb or more:
doc 5.5Mb
Flavors: r-devel-linux-x86_64-fedora-clang, r-prerel-macos-arm64, r-prerel-windows-x86_64, r-release-macos-arm64, r-release-macos-x86_64, r-release-windows-x86_64, r-oldrel-macos-arm64, r-oldrel-windows-x86_64