Last updated on 2024-04-18 08:54:49 CEST.
Flavor | Version | Tinstall | Tcheck | Ttotal | Status | Flags |
---|---|---|---|---|---|---|
r-devel-linux-x86_64-debian-clang | 2019.11-25 | 13.86 | 88.04 | 101.90 | NOTE | |
r-devel-linux-x86_64-debian-gcc | 2019.11-25 | 10.89 | 65.36 | 76.25 | NOTE | |
r-devel-linux-x86_64-fedora-clang | 2019.11-25 | 128.50 | NOTE | |||
r-devel-linux-x86_64-fedora-gcc | 2019.11-25 | 120.34 | NOTE | |||
r-prerel-macos-arm64 | 2019.11-25 | 38.00 | NOTE | |||
r-prerel-windows-x86_64 | 2019.11-25 | 13.00 | 79.00 | 92.00 | NOTE | |
r-patched-linux-x86_64 | 2019.11-25 | 13.74 | 84.08 | 97.82 | NOTE | |
r-release-linux-x86_64 | 2019.11-25 | 13.92 | 87.34 | 101.26 | NOTE | |
r-release-macos-arm64 | 2019.11-25 | 40.00 | NOTE | |||
r-release-macos-x86_64 | 2019.11-25 | 66.00 | NOTE | |||
r-release-windows-x86_64 | 2019.11-25 | 18.00 | 118.00 | 136.00 | NOTE | |
r-oldrel-macos-arm64 | 2019.11-25 | 36.00 | NOTE | |||
r-oldrel-windows-x86_64 | 2019.11-25 | 16.00 | 120.00 | 136.00 | NOTE |
Version: 2019.11-25
Check: Rd contents
Result: NOTE
Argument items with no description in Rd file 'sim.kong.Rd':
‘gamma’ ‘beta’ ‘design’ ‘rho’ ‘seed’ ‘impute’ ‘ppi’
Flavors: r-devel-linux-x86_64-debian-clang, r-devel-linux-x86_64-debian-gcc, r-devel-linux-x86_64-fedora-clang, r-devel-linux-x86_64-fedora-gcc, r-prerel-macos-arm64, r-prerel-windows-x86_64, r-patched-linux-x86_64
Version: 2019.11-25
Check: LazyData
Result: NOTE
'LazyData' is specified without a 'data' directory
Flavors: r-devel-linux-x86_64-debian-clang, r-devel-linux-x86_64-debian-gcc, r-devel-linux-x86_64-fedora-clang, r-devel-linux-x86_64-fedora-gcc, r-prerel-macos-arm64, r-prerel-windows-x86_64, r-patched-linux-x86_64, r-release-linux-x86_64, r-release-macos-arm64, r-release-macos-x86_64, r-release-windows-x86_64, r-oldrel-macos-arm64, r-oldrel-windows-x86_64