Last updated on 2024-04-23 08:58:18 CEST.
Flavor | Version | Tinstall | Tcheck | Ttotal | Status | Flags |
---|---|---|---|---|---|---|
r-devel-linux-x86_64-debian-clang | 1.4-0 | 34.25 | 501.53 | 535.78 | OK | |
r-devel-linux-x86_64-debian-gcc | 1.4-0 | 26.65 | 344.58 | 371.23 | OK | |
r-devel-linux-x86_64-fedora-clang | 1.4-0 | 637.73 | OK | |||
r-devel-linux-x86_64-fedora-gcc | 1.4-0 | 626.81 | OK | |||
r-prerel-macos-arm64 | 1.4-0 | 149.00 | OK | |||
r-prerel-windows-x86_64 | 1.4-0 | 27.00 | 285.00 | 312.00 | OK | |
r-patched-linux-x86_64 | 1.4-0 | 33.84 | 460.43 | 494.27 | OK | |
r-release-linux-x86_64 | 1.4-0 | 37.06 | 474.84 | 511.90 | OK | |
r-release-macos-arm64 | 1.4-0 | 167.00 | OK | |||
r-release-macos-x86_64 | 1.4-0 | 339.00 | OK | |||
r-release-windows-x86_64 | 1.4-0 | 38.00 | 416.00 | 454.00 | OK | |
r-oldrel-macos-arm64 | 1.3-2 | 114.00 | NOTE | |||
r-oldrel-windows-x86_64 | 1.3-2 | 36.00 | 412.00 | 448.00 | OK |
Version: 1.3-2
Check: dependencies in R code
Result: NOTE
Namespace in Imports field not imported from: ‘sp’
All declared Imports should be used.
Flavor: r-oldrel-macos-arm64