Last updated on 2024-03-12 07:50:08 CET.
Flavor | Version | Tinstall | Tcheck | Ttotal | Status | Flags |
---|---|---|---|---|---|---|
r-devel-linux-x86_64-debian-clang | 0.3.0 | 132.84 | 220.57 | 353.41 | OK | |
r-devel-linux-x86_64-debian-gcc | 0.3.0 | 100.19 | 171.03 | 271.22 | OK | |
r-devel-linux-x86_64-fedora-clang | 0.3.0 | 469.94 | OK | |||
r-devel-linux-x86_64-fedora-gcc | 0.3.0 | 476.92 | OK | |||
r-devel-windows-x86_64 | 0.3.0 | 97.00 | 211.00 | 308.00 | OK | |
r-patched-linux-x86_64 | 0.3.0 | 95.35 | 213.87 | 309.22 | OK | |
r-release-linux-x86_64 | 0.3.0 | 98.31 | 209.38 | 307.69 | OK | |
r-release-macos-arm64 | 0.3.0 | 104.00 | NOTE | |||
r-release-macos-x86_64 | 0.3.0 | 200.00 | NOTE | |||
r-release-windows-x86_64 | 0.3.0 | 125.00 | 273.00 | 398.00 | OK | |
r-oldrel-macos-arm64 | 0.3.0 | 108.00 | NOTE | |||
r-oldrel-windows-x86_64 | 0.3.0 | 117.00 | 266.00 | 383.00 | OK |
Version: 0.3.0
Check: installed package size
Result: NOTE
installed size is 13.3Mb
sub-directories of 1Mb or more:
data 1.1Mb
help 1.1Mb
libs 10.9Mb
Flavors: r-release-macos-arm64, r-release-macos-x86_64, r-oldrel-macos-arm64