CRAN Package Check Results for Package ssMousetrack

Last updated on 2021-06-17 09:52:02 CEST.

Flavor Version Tinstall Tcheck Ttotal Status Flags
r-devel-linux-x86_64-debian-clang 1.1.5 534.48 107.45 641.93 NOTE
r-devel-linux-x86_64-debian-gcc 1.1.5 423.70 97.19 520.89 NOTE
r-devel-linux-x86_64-fedora-clang 1.1.5 923.35 NOTE
r-devel-linux-x86_64-fedora-gcc 1.1.5 922.44 NOTE
r-devel-windows-x86_64 1.1.5 550.00 172.00 722.00 NOTE
r-devel-windows-x86_64-gcc10-UCRT 1.1.5 NOTE
r-patched-linux-x86_64 1.1.5 464.00 123.21 587.21 NOTE
r-patched-solaris-x86 1.1.5 777.10 NOTE
r-release-linux-x86_64 1.1.5 464.76 123.48 588.24 NOTE
r-release-macos-arm64 1.1.5 NOTE
r-release-macos-x86_64 1.1.5 NOTE
r-release-windows-ix86+x86_64 1.1.5 1066.00 245.00 1311.00 NOTE
r-oldrel-macos-x86_64 1.1.5 NOTE
r-oldrel-windows-ix86+x86_64 1.1.5 739.00 253.00 992.00 NOTE

Check Details

Version: 1.1.5
Check: for GNU extensions in Makefiles
Result: NOTE
    GNU make is a SystemRequirements.
Flavors: r-devel-linux-x86_64-debian-clang, r-devel-linux-x86_64-debian-gcc, r-devel-linux-x86_64-fedora-clang, r-devel-linux-x86_64-fedora-gcc, r-devel-windows-x86_64, r-devel-windows-x86_64-gcc10-UCRT, r-patched-linux-x86_64, r-patched-solaris-x86, r-release-linux-x86_64, r-release-macos-arm64, r-release-macos-x86_64, r-release-windows-ix86+x86_64, r-oldrel-macos-x86_64, r-oldrel-windows-ix86+x86_64

Version: 1.1.5
Check: installed package size
Result: NOTE
     installed size is 76.5Mb
     sub-directories of 1Mb or more:
     libs 76.1Mb
Flavors: r-devel-linux-x86_64-fedora-clang, r-release-macos-arm64, r-release-macos-x86_64, r-release-windows-ix86+x86_64, r-oldrel-macos-x86_64, r-oldrel-windows-ix86+x86_64

Version: 1.1.5
Check: line endings in C/C++/Fortran sources/headers
Result: NOTE
    Found the following sources/headers with CR or CRLF line endings:
     src/stan_files/fit_model_gomp.hpp
     src/stan_files/fit_model_log.hpp
     src/stan_files/simulate_data_gomp.hpp
     src/stan_files/simulate_data_log.hpp
    Some Unix compilers require LF line endings.
Flavor: r-devel-windows-x86_64-gcc10-UCRT