Last updated on 2024-04-19 08:54:56 CEST.
Flavor | Version | Tinstall | Tcheck | Ttotal | Status | Flags |
---|---|---|---|---|---|---|
r-devel-linux-x86_64-debian-clang | 0.2 | 3.33 | 28.81 | 32.14 | NOTE | |
r-devel-linux-x86_64-debian-gcc | 0.2 | NOTE | ||||
r-devel-linux-x86_64-fedora-clang | 0.2 | 39.42 | NOTE | |||
r-devel-linux-x86_64-fedora-gcc | 0.2 | 37.09 | NOTE | |||
r-prerel-macos-arm64 | 0.2 | 16.00 | NOTE | |||
r-prerel-windows-x86_64 | 0.2 | 4.00 | 43.00 | 47.00 | NOTE | |
r-patched-linux-x86_64 | 0.2 | 6.09 | 27.50 | 33.59 | NOTE | |
r-release-linux-x86_64 | 0.2 | 3.26 | 27.17 | 30.43 | NOTE | |
r-release-macos-arm64 | 0.2 | 19.00 | NOTE | |||
r-release-macos-x86_64 | 0.2 | 24.00 | NOTE | |||
r-release-windows-x86_64 | 0.2 | 3.00 | 45.00 | 48.00 | NOTE | |
r-oldrel-macos-arm64 | 0.2 | 19.00 | NOTE | |||
r-oldrel-windows-x86_64 | 0.2 | 4.00 | 50.00 | 54.00 | NOTE |
Version: 0.2
Check: Rd files
Result: NOTE
checkRd: (-1) sscor.Rd:33: Lost braces; missing escapes or markup?
33 | Otherwise, if {pdim=TRUE}, the pxp SSCM is computed, and then from the SSCM an estimator of the correlation matrix, which is done by the function \code{\link{SSCM2Shape}}, see there for details.
| ^
Flavors: r-devel-linux-x86_64-debian-clang, r-devel-linux-x86_64-debian-gcc, r-devel-linux-x86_64-fedora-clang, r-devel-linux-x86_64-fedora-gcc, r-prerel-macos-arm64, r-prerel-windows-x86_64, r-patched-linux-x86_64
Version: 0.2
Check: LazyData
Result: NOTE
'LazyData' is specified without a 'data' directory
Flavors: r-devel-linux-x86_64-debian-clang, r-devel-linux-x86_64-debian-gcc, r-devel-linux-x86_64-fedora-clang, r-devel-linux-x86_64-fedora-gcc, r-prerel-macos-arm64, r-prerel-windows-x86_64, r-patched-linux-x86_64, r-release-linux-x86_64, r-release-macos-arm64, r-release-macos-x86_64, r-release-windows-x86_64, r-oldrel-macos-arm64, r-oldrel-windows-x86_64