Last updated on 2024-03-12 07:50:08 CET.
Flavor | Version | Tinstall | Tcheck | Ttotal | Status | Flags |
---|---|---|---|---|---|---|
r-devel-linux-x86_64-debian-clang | 0.1.1 | 2.75 | 90.50 | 93.25 | OK | |
r-devel-linux-x86_64-debian-gcc | 0.1.1 | 2.44 | 66.55 | 68.99 | OK | |
r-devel-linux-x86_64-fedora-clang | 0.1.1 | 113.70 | NOTE | |||
r-devel-linux-x86_64-fedora-gcc | 0.1.1 | 123.68 | NOTE | |||
r-devel-windows-x86_64 | 0.1.1 | 4.00 | 83.00 | 87.00 | OK | |
r-patched-linux-x86_64 | 0.1.1 | 1.98 | 88.14 | 90.12 | OK | |
r-release-linux-x86_64 | 0.1.1 | 2.28 | 86.19 | 88.47 | OK | |
r-release-macos-arm64 | 0.1.1 | 43.00 | OK | |||
r-release-macos-x86_64 | 0.1.1 | 67.00 | OK | |||
r-release-windows-x86_64 | 0.1.1 | 5.00 | 93.00 | 98.00 | OK | |
r-oldrel-macos-arm64 | 0.1.1 | 34.00 | NOTE | |||
r-oldrel-windows-x86_64 | 0.1.1 | 5.00 | 97.00 | 102.00 | OK |
Version: 0.1.1
Check: dependencies in R code
Result: NOTE
Namespace in Imports field not imported from: ‘e1071’
All declared Imports should be used.
Flavors: r-devel-linux-x86_64-fedora-clang, r-devel-linux-x86_64-fedora-gcc, r-oldrel-macos-arm64