CRAN Package Check Results for Package stUPscales

Last updated on 2021-05-14 09:51:10 CEST.

Flavor Version Tinstall Tcheck Ttotal Status Flags
r-devel-linux-x86_64-debian-clang 1.0.3.4 23.22 192.49 215.71 NOTE
r-devel-linux-x86_64-debian-gcc 1.0.3.4 16.16 143.76 159.92 NOTE
r-devel-linux-x86_64-fedora-clang 1.0.3.4 259.88 NOTE
r-devel-linux-x86_64-fedora-gcc 1.0.3.4 247.40 NOTE
r-devel-windows-ix86+x86_64 1.0.3.4 68.00 203.00 271.00 OK
r-devel-windows-x86_64-gcc10-UCRT 1.0.3.4 OK
r-patched-linux-x86_64 1.0.3.4 17.36 181.14 198.50 NOTE
r-patched-solaris-x86 1.0.3.4 370.60 NOTE
r-release-linux-x86_64 1.0.3.4 15.38 178.12 193.50 NOTE
r-release-macos-x86_64 1.0.3.4 OK
r-release-windows-ix86+x86_64 1.0.3.4 36.00 293.00 329.00 OK
r-oldrel-macos-x86_64 1.0.3.4 ERROR
r-oldrel-windows-ix86+x86_64 1.0.3.4 44.00 260.00 304.00 OK

Check Details

Version: 1.0.3.4
Check: for non-standard things in the check directory
Result: NOTE
    Found the following files/directories:
     'EmiStatR_output' 'ExamplePlot-event.pdf' 'ExamplePlot-season.pdf'
     'Output1_MC-uncertainty_360min-event.pdf'
     'Output1_MC-uncertainty_360min-season.pdf' 'gof.RData' 'gof.csv'
     'gofGoF_results.RData' 'gofGoF_results.csv' 'mc.RData' 'sim1.RData'
     'summ.RData' 'variance.RData'
Flavors: r-devel-linux-x86_64-debian-clang, r-devel-linux-x86_64-debian-gcc, r-devel-linux-x86_64-fedora-clang, r-devel-linux-x86_64-fedora-gcc, r-patched-linux-x86_64, r-patched-solaris-x86, r-release-linux-x86_64

Version: 1.0.3.4
Check: package dependencies
Result: ERROR
    Package required but not available: ‘EmiStatR’
    
    See section ‘The DESCRIPTION file’ in the ‘Writing R Extensions’
    manual.
Flavor: r-oldrel-macos-x86_64