CRAN Package Check Results for Package stargazer

Last updated on 2021-07-30 08:50:24 CEST.

Flavor Version Tinstall Tcheck Ttotal Status Flags
r-devel-linux-x86_64-debian-clang 5.2.2 NOTE
r-devel-linux-x86_64-debian-gcc 5.2.2 9.48 46.92 56.40 NOTE
r-devel-linux-x86_64-fedora-clang 5.2.2 101.50 NOTE
r-devel-linux-x86_64-fedora-gcc 5.2.2 93.39 NOTE
r-devel-windows-x86_64 5.2.2 17.00 82.00 99.00 OK
r-devel-windows-x86_64-gcc10-UCRT 5.2.2 OK
r-patched-linux-x86_64 5.2.2 OK
r-patched-solaris-x86 5.2.2 105.30 OK
r-release-linux-x86_64 5.2.2 10.72 59.57 70.29 OK
r-release-macos-arm64 5.2.2 OK
r-release-macos-x86_64 5.2.2 OK
r-release-windows-ix86+x86_64 5.2.2 19.00 65.00 84.00 OK
r-oldrel-macos-x86_64 5.2.2 NOTE
r-oldrel-windows-ix86+x86_64 5.2.2 16.00 65.00 81.00 OK

Check Details

Version: 5.2.2
Check: package dependencies
Result: NOTE
    Package which this enhances but not available for checking: 'lfe'
Flavors: r-devel-linux-x86_64-debian-clang, r-devel-linux-x86_64-debian-gcc, r-devel-linux-x86_64-fedora-clang, r-devel-linux-x86_64-fedora-gcc

Version: 5.2.2
Check: package dependencies
Result: NOTE
    Package which this enhances but not available for checking: ‘Zelig’
Flavor: r-oldrel-macos-x86_64