Last updated on 2024-03-12 07:50:08 CET.
Flavor | Version | Tinstall | Tcheck | Ttotal | Status | Flags |
---|---|---|---|---|---|---|
r-devel-linux-x86_64-debian-clang | 0.0.6 | 6.75 | 92.15 | 98.90 | NOTE | |
r-devel-linux-x86_64-debian-gcc | 0.0.6 | 5.68 | 80.18 | 85.86 | NOTE | |
r-devel-linux-x86_64-fedora-clang | 0.0.6 | 133.35 | NOTE | |||
r-devel-linux-x86_64-fedora-gcc | 0.0.6 | 152.56 | NOTE | |||
r-devel-windows-x86_64 | 0.0.6 | 6.00 | 94.00 | 100.00 | NOTE | |
r-patched-linux-x86_64 | 0.0.6 | 6.53 | 104.95 | 111.48 | NOTE | |
r-release-linux-x86_64 | 0.0.6 | 5.50 | 100.84 | 106.34 | NOTE | |
r-release-macos-arm64 | 0.0.6 | 57.00 | NOTE | |||
r-release-macos-x86_64 | 0.0.6 | 80.00 | NOTE | |||
r-release-windows-x86_64 | 0.0.6 | 8.00 | 109.00 | 117.00 | NOTE | |
r-oldrel-macos-arm64 | 0.0.6 | 50.00 | NOTE | |||
r-oldrel-windows-x86_64 | 0.0.6 | 8.00 | 110.00 | 118.00 | NOTE |
Version: 0.0.6
Check: LazyData
Result: NOTE
'LazyData' is specified without a 'data' directory
Flavors: r-devel-linux-x86_64-debian-clang, r-devel-linux-x86_64-debian-gcc, r-devel-linux-x86_64-fedora-clang, r-devel-linux-x86_64-fedora-gcc, r-devel-windows-x86_64, r-patched-linux-x86_64, r-release-linux-x86_64, r-release-macos-arm64, r-release-macos-x86_64, r-release-windows-x86_64, r-oldrel-macos-arm64, r-oldrel-windows-x86_64
Version: 0.0.6
Check: package dependencies
Result: NOTE
Package which this enhances but not available for checking: ‘CVXR’
Flavor: r-release-macos-x86_64