Last updated on 2024-08-31 08:48:24 CEST.
Flavor | Version | Tinstall | Tcheck | Ttotal | Status | Flags |
---|---|---|---|---|---|---|
r-devel-linux-x86_64-debian-clang | 0.6-6 | 16.60 | 298.74 | 315.34 | NOTE | |
r-devel-linux-x86_64-debian-gcc | 0.6-6 | 11.86 | 207.14 | 219.00 | NOTE | |
r-devel-linux-x86_64-fedora-clang | 0.6-6 | 489.37 | NOTE | |||
r-devel-linux-x86_64-fedora-gcc | 0.6-6 | 516.53 | NOTE | |||
r-devel-windows-x86_64 | 0.6-6 | 18.00 | 301.00 | 319.00 | NOTE | |
r-patched-linux-x86_64 | 0.6-6 | 16.39 | 282.49 | 298.88 | NOTE | |
r-release-linux-x86_64 | 0.6-6 | 14.74 | 281.06 | 295.80 | NOTE | |
r-release-macos-arm64 | 0.6-6 | 151.00 | NOTE | |||
r-release-macos-x86_64 | 0.6-6 | 350.00 | NOTE | |||
r-release-windows-x86_64 | 0.6-6 | 19.00 | 309.00 | 328.00 | NOTE | |
r-oldrel-macos-arm64 | 0.6-6 | 169.00 | NOTE | |||
r-oldrel-macos-x86_64 | 0.6-6 | 336.00 | NOTE | |||
r-oldrel-windows-x86_64 | 0.6-6 | 24.00 | 376.00 | 400.00 | NOTE |
Version: 0.6-6
Check: package dependencies
Result: NOTE
Package suggested but not available for checking: ‘starsdata’
Flavors: r-devel-linux-x86_64-debian-clang, r-devel-linux-x86_64-debian-gcc, r-devel-linux-x86_64-fedora-clang, r-devel-linux-x86_64-fedora-gcc, r-devel-windows-x86_64, r-patched-linux-x86_64, r-release-linux-x86_64, r-release-macos-arm64, r-release-macos-x86_64, r-release-windows-x86_64, r-oldrel-macos-arm64, r-oldrel-macos-x86_64, r-oldrel-windows-x86_64
Version: 0.6-6
Check: installed package size
Result: NOTE
installed size is 6.5Mb
sub-directories of 1Mb or more:
doc 2.4Mb
nc 1.8Mb
Flavors: r-devel-linux-x86_64-fedora-clang, r-devel-windows-x86_64, r-release-macos-arm64, r-release-macos-x86_64, r-release-windows-x86_64, r-oldrel-macos-arm64, r-oldrel-macos-x86_64, r-oldrel-windows-x86_64