Last updated on 2024-03-12 07:50:08 CET.
Flavor | Version | Tinstall | Tcheck | Ttotal | Status | Flags |
---|---|---|---|---|---|---|
r-devel-linux-x86_64-debian-clang | 1.1.10 | 12.32 | 92.86 | 105.18 | NOTE | |
r-devel-linux-x86_64-debian-gcc | 1.1.10 | 10.87 | 81.43 | 92.30 | NOTE | |
r-devel-linux-x86_64-fedora-clang | 1.1.10 | 143.86 | NOTE | |||
r-devel-linux-x86_64-fedora-gcc | 1.1.10 | 143.05 | NOTE | |||
r-devel-windows-x86_64 | 1.1.10 | 13.00 | 95.00 | 108.00 | NOTE | |
r-patched-linux-x86_64 | 1.1.10 | 12.48 | 104.58 | 117.06 | NOTE | |
r-release-linux-x86_64 | 1.1.10 | 10.29 | 104.56 | 114.85 | NOTE | |
r-release-macos-arm64 | 1.1.10 | 44.00 | NOTE | |||
r-release-macos-x86_64 | 1.1.10 | 76.00 | NOTE | |||
r-release-windows-x86_64 | 1.1.10 | 18.00 | 108.00 | 126.00 | NOTE | |
r-oldrel-macos-arm64 | 1.1.10 | 44.00 | OK | |||
r-oldrel-windows-x86_64 | 1.1.10 | 16.00 | 116.00 | 132.00 | OK |
Version: 1.1.10
Check: Rd files
Result: NOTE
checkRd: (-1) multiCUMSUM.Rd:33: Escaped LaTeX specials: \&
Flavors: r-devel-linux-x86_64-debian-clang, r-devel-linux-x86_64-debian-gcc, r-devel-linux-x86_64-fedora-clang, r-devel-linux-x86_64-fedora-gcc, r-devel-windows-x86_64, r-patched-linux-x86_64, r-release-linux-x86_64, r-release-macos-arm64, r-release-macos-x86_64, r-release-windows-x86_64