Last updated on 2024-05-05 08:53:09 CEST.
Flavor | Version | Tinstall | Tcheck | Ttotal | Status | Flags |
---|---|---|---|---|---|---|
r-devel-linux-x86_64-debian-clang | 0.1.2 | 2.10 | 37.04 | 39.14 | OK | |
r-devel-linux-x86_64-debian-gcc | 0.1.2 | 1.91 | 28.51 | 30.42 | OK | |
r-devel-linux-x86_64-fedora-clang | 0.1.2 | 51.21 | NOTE | |||
r-devel-linux-x86_64-fedora-gcc | 0.1.2 | 59.62 | NOTE | |||
r-devel-windows-x86_64 | 0.1.2 | 3.00 | 49.00 | 52.00 | OK | |
r-patched-linux-x86_64 | 0.1.2 | 2.42 | 35.35 | 37.77 | OK | |
r-release-linux-x86_64 | 0.1.2 | 2.29 | 35.06 | 37.35 | OK | |
r-release-macos-arm64 | 0.1.2 | 25.00 | OK | |||
r-release-windows-x86_64 | 0.1.2 | 3.00 | 51.00 | 54.00 | OK | |
r-oldrel-macos-arm64 | 0.1.2 | 28.00 | OK | |||
r-oldrel-macos-x86_64 | 0.1.2 | 37.00 | OK | |||
r-oldrel-windows-x86_64 | 0.1.2 | 4.00 | 58.00 | 62.00 | OK |
Version: 0.1.2
Check: data for non-ASCII characters
Result: NOTE
Note: found 14 marked UTF-8 strings
Flavors: r-devel-linux-x86_64-fedora-clang, r-devel-linux-x86_64-fedora-gcc