Last updated on 2024-04-23 08:58:18 CEST.
Flavor | Version | Tinstall | Tcheck | Ttotal | Status | Flags |
---|---|---|---|---|---|---|
r-devel-linux-x86_64-debian-clang | 1.0.9 | 120.12 | 210.28 | 330.40 | NOTE | |
r-devel-linux-x86_64-debian-gcc | 1.0.9 | 89.24 | 180.10 | 269.34 | NOTE | |
r-devel-linux-x86_64-fedora-clang | 1.0.9 | 445.43 | NOTE | |||
r-devel-linux-x86_64-fedora-gcc | 1.0.9 | 479.53 | NOTE | |||
r-prerel-macos-arm64 | 1.0.9 | 114.00 | NOTE | |||
r-prerel-windows-x86_64 | 1.0.9 | 88.00 | 232.00 | 320.00 | NOTE | |
r-patched-linux-x86_64 | 1.0.9 | 119.16 | 240.80 | 359.96 | NOTE | |
r-release-linux-x86_64 | 1.0.9 | 110.43 | 240.73 | 351.16 | NOTE | |
r-release-macos-arm64 | 1.0.9 | 139.00 | NOTE | |||
r-release-macos-x86_64 | 1.0.9 | 247.00 | NOTE | |||
r-release-windows-x86_64 | 1.0.9 | 112.00 | 249.00 | 361.00 | NOTE | |
r-oldrel-macos-arm64 | 1.0.9 | 227.00 | NOTE | |||
r-oldrel-windows-x86_64 | 1.0.9 | 109.00 | 251.00 | 360.00 | NOTE |
Version: 1.0.9
Check: C++ specification
Result: NOTE
Specified C++11: please drop specification unless essential
Flavors: r-devel-linux-x86_64-debian-clang, r-devel-linux-x86_64-debian-gcc, r-devel-linux-x86_64-fedora-clang, r-devel-linux-x86_64-fedora-gcc, r-prerel-macos-arm64, r-prerel-windows-x86_64, r-patched-linux-x86_64, r-release-linux-x86_64, r-release-macos-arm64, r-release-macos-x86_64, r-release-windows-x86_64
Version: 1.0.9
Check: installed package size
Result: NOTE
installed size is 9.6Mb
sub-directories of 1Mb or more:
data 3.6Mb
libs 5.0Mb
Flavors: r-prerel-macos-arm64, r-prerel-windows-x86_64, r-release-macos-arm64, r-release-macos-x86_64, r-release-windows-x86_64, r-oldrel-macos-arm64, r-oldrel-windows-x86_64
Version: 1.0.9
Check: package dependencies
Result: NOTE
Package suggested but not available for checking: ‘snpStats’
Flavor: r-release-macos-arm64
Version: 1.0.9
Check: Rd cross-references
Result: NOTE
Package unavailable to check Rd xrefs: ‘snpStats’
Flavor: r-release-macos-arm64