Last updated on 2023-02-02 07:53:12 CET.
Flavor | Version | Tinstall | Tcheck | Ttotal | Status | Flags |
---|---|---|---|---|---|---|
r-devel-linux-x86_64-debian-clang | 1.0.6 | 16.03 | 520.62 | 536.65 | NOTE | |
r-devel-linux-x86_64-debian-gcc | 1.0.6 | 12.84 | 379.88 | 392.72 | NOTE | |
r-devel-linux-x86_64-fedora-clang | 1.0.6 | 539.03 | NOTE | |||
r-devel-linux-x86_64-fedora-gcc | 1.0.6 | 540.74 | NOTE | |||
r-patched-linux-x86_64 | 1.0.6 | 16.04 | 491.05 | 507.09 | NOTE | |
r-release-linux-x86_64 | 1.0.6 | 13.99 | 478.82 | 492.81 | NOTE | |
r-release-macos-arm64 | 1.0.6 | 168.00 | NOTE | |||
r-release-macos-x86_64 | 1.0.6 | 256.00 | NOTE | |||
r-release-windows-x86_64 | 1.0.6 | 63.00 | 597.00 | 660.00 | NOTE | |
r-oldrel-macos-arm64 | 1.0.6 | 173.00 | NOTE | |||
r-oldrel-macos-x86_64 | 1.0.6 | 249.00 | NOTE | |||
r-oldrel-windows-ix86+x86_64 | 1.0.6 | 31.00 | 593.00 | 624.00 | NOTE |
Version: 1.0.6
Check: package dependencies
Result: NOTE
Package suggested but not available for checking: ‘asreml’
Flavors: r-devel-linux-x86_64-debian-clang, r-devel-linux-x86_64-debian-gcc, r-devel-linux-x86_64-fedora-clang, r-devel-linux-x86_64-fedora-gcc, r-patched-linux-x86_64, r-release-linux-x86_64, r-release-macos-arm64, r-release-macos-x86_64, r-release-windows-x86_64, r-oldrel-macos-arm64, r-oldrel-macos-x86_64, r-oldrel-windows-ix86+x86_64
Version: 1.0.6
Check: installed package size
Result: NOTE
installed size is 5.0Mb
sub-directories of 1Mb or more:
data 3.5Mb
Flavors: r-devel-linux-x86_64-fedora-clang, r-release-macos-arm64, r-oldrel-macos-arm64