CRAN Package Check Results for Package statgenIBD

Last updated on 2023-02-08 07:54:44 CET.

Flavor Version Tinstall Tcheck Ttotal Status Flags
r-devel-linux-x86_64-debian-clang 1.0.5 99.86 98.66 198.52 NOTE
r-devel-linux-x86_64-debian-gcc 1.0.5 77.07 73.33 150.40 NOTE
r-devel-linux-x86_64-fedora-clang 1.0.5 283.43 NOTE
r-devel-linux-x86_64-fedora-gcc 1.0.5 289.91 NOTE
r-devel-windows-x86_64 1.0.5 121.00 176.00 297.00 NOTE
r-patched-linux-x86_64 1.0.5 83.56 94.80 178.36 OK
r-release-linux-x86_64 1.0.5 89.39 96.72 186.11 OK
r-release-macos-arm64 1.0.5 82.00 NOTE
r-release-macos-x86_64 1.0.5 102.00 NOTE
r-release-windows-x86_64 1.0.5 185.00 186.00 371.00 OK
r-oldrel-macos-arm64 1.0.5 84.00 NOTE
r-oldrel-macos-x86_64 1.0.5 105.00 NOTE
r-oldrel-windows-ix86+x86_64 1.0.5 245.00 192.00 437.00 NOTE

Check Details

Version: 1.0.5
Check: C++ specification
Result: NOTE
     Specified C++11: please update to current default of C++17
Flavors: r-devel-linux-x86_64-debian-clang, r-devel-windows-x86_64

Version: 1.0.5
Check: C++ specification
Result: NOTE
     Specified C++11: please drop specification unless essential
Flavors: r-devel-linux-x86_64-debian-gcc, r-devel-linux-x86_64-fedora-clang, r-devel-linux-x86_64-fedora-gcc

Version: 1.0.5
Check: installed package size
Result: NOTE
     installed size is 7.3Mb
     sub-directories of 1Mb or more:
     extdata 2.4Mb
     libs 4.2Mb
Flavors: r-release-macos-arm64, r-release-macos-x86_64, r-oldrel-macos-arm64, r-oldrel-macos-x86_64, r-oldrel-windows-ix86+x86_64