Last updated on 2023-02-04 08:01:29 CET.
Flavor | Version | Tinstall | Tcheck | Ttotal | Status | Flags |
---|---|---|---|---|---|---|
r-devel-linux-x86_64-debian-clang | 1.0.11 | 13.43 | 246.71 | 260.14 | NOTE | |
r-devel-linux-x86_64-debian-gcc | 1.0.11 | 10.77 | 176.77 | 187.54 | NOTE | |
r-devel-linux-x86_64-fedora-clang | 1.0.11 | 302.06 | NOTE | |||
r-devel-linux-x86_64-fedora-gcc | 1.0.11 | 328.57 | NOTE | |||
r-devel-windows-x86_64 | 1.0.11 | 39.00 | 278.00 | 317.00 | NOTE | |
r-patched-linux-x86_64 | 1.0.11 | 10.92 | 227.65 | 238.57 | NOTE | |
r-release-linux-x86_64 | 1.0.11 | 10.95 | 229.54 | 240.49 | NOTE | |
r-release-macos-arm64 | 1.0.11 | 74.00 | NOTE | |||
r-release-macos-x86_64 | 1.0.11 | 119.00 | NOTE | |||
r-release-windows-x86_64 | 1.0.11 | 50.00 | 276.00 | 326.00 | NOTE | |
r-oldrel-macos-arm64 | 1.0.11 | 82.00 | NOTE | |||
r-oldrel-macos-x86_64 | 1.0.11 | 116.00 | NOTE | |||
r-oldrel-windows-ix86+x86_64 | 1.0.11 | 25.00 | 261.00 | 286.00 | NOTE |
Version: 1.0.11
Check: package dependencies
Result: NOTE
Package suggested but not available for checking: ‘asreml’
Flavors: r-devel-linux-x86_64-debian-clang, r-devel-linux-x86_64-debian-gcc, r-devel-linux-x86_64-fedora-clang, r-devel-linux-x86_64-fedora-gcc, r-devel-windows-x86_64, r-patched-linux-x86_64, r-release-linux-x86_64, r-release-macos-arm64, r-release-macos-x86_64, r-release-windows-x86_64, r-oldrel-macos-arm64, r-oldrel-macos-x86_64, r-oldrel-windows-ix86+x86_64
Version: 1.0.11
Check: dependencies in R code
Result: NOTE
Namespace in Imports field not imported from: ‘mapproj’
All declared Imports should be used.
Flavors: r-devel-linux-x86_64-fedora-clang, r-devel-linux-x86_64-fedora-gcc