CRAN Package Check Results for Package statnet

Last updated on 2021-09-20 08:50:47 CEST.

Flavor Version Tinstall Tcheck Ttotal Status Flags
r-devel-linux-x86_64-debian-clang 2019.6 8.33 211.16 219.49 OK
r-devel-linux-x86_64-debian-gcc 2019.6 8.07 160.73 168.80 OK
r-devel-linux-x86_64-fedora-clang 2019.6 265.83 OK
r-devel-linux-x86_64-fedora-gcc 2019.6 252.39 OK
r-devel-windows-x86_64 2019.6 43.00 274.00 317.00 OK
r-devel-windows-x86_64-gcc10-UCRT 2019.6 ERROR
r-patched-linux-x86_64 2019.6 9.05 193.55 202.60 OK
r-patched-solaris-x86 2019.6 355.60 OK
r-release-linux-x86_64 2019.6 9.74 188.60 198.34 OK
r-release-macos-arm64 2019.6 OK
r-release-macos-x86_64 2019.6 OK
r-release-windows-ix86+x86_64 2019.6 128.00 264.00 392.00 OK
r-oldrel-macos-x86_64 2019.6 OK
r-oldrel-windows-ix86+x86_64 2019.6 131.00 281.00 412.00 OK

Check Details

Version: 2019.6
Check: whether package can be installed
Result: WARN
    Found the following significant warnings:
     WARNING: installation-time patches will not be applied, could not get the patches index
Flavor: r-devel-windows-x86_64-gcc10-UCRT

Version: 2019.6
Check: PDF version of manual
Result: WARN
    LaTeX errors when creating PDF version.
    This typically indicates Rd problems.
Flavor: r-devel-windows-x86_64-gcc10-UCRT

Version: 2019.6
Check: PDF version of manual without hyperrefs or index
Result: ERROR
    Re-running with no redirection of stdout/stderr.
Flavor: r-devel-windows-x86_64-gcc10-UCRT