Last updated on 2023-02-09 07:57:03 CET.
Flavor | Version | Tinstall | Tcheck | Ttotal | Status | Flags |
---|---|---|---|---|---|---|
r-devel-linux-x86_64-debian-clang | 1.3.0 | 10.52 | 158.42 | 168.94 | OK | |
r-devel-linux-x86_64-debian-gcc | 1.3.0 | 7.72 | 110.52 | 118.24 | OK | |
r-devel-linux-x86_64-fedora-clang | 1.3.0 | 206.28 | NOTE | |||
r-devel-linux-x86_64-fedora-gcc | 1.3.0 | 199.44 | NOTE | |||
r-devel-windows-x86_64 | 1.3.0 | 79.00 | 218.00 | 297.00 | OK | |
r-patched-linux-x86_64 | 1.3.0 | 12.02 | 144.74 | 156.76 | OK | |
r-release-linux-x86_64 | 1.3.0 | 9.46 | 153.69 | 163.15 | OK | |
r-release-macos-arm64 | 1.3.0 | 44.00 | OK | |||
r-release-macos-x86_64 | 1.3.0 | 65.00 | OK | |||
r-release-windows-x86_64 | 1.3.0 | 111.00 | 185.00 | 296.00 | OK | |
r-oldrel-macos-arm64 | 1.3.0 | 41.00 | OK | |||
r-oldrel-macos-x86_64 | 1.3.0 | 66.00 | OK | |||
r-oldrel-windows-ix86+x86_64 | 1.3.0 | 21.00 | 190.00 | 211.00 | OK |
Version: 1.3.0
Check: dependencies in R code
Result: NOTE
Namespaces in Imports field not imported from:
‘Rdpack’ ‘mathjaxr’
All declared Imports should be used.
Flavors: r-devel-linux-x86_64-fedora-clang, r-devel-linux-x86_64-fedora-gcc