Last updated on 2024-05-05 08:53:09 CEST.
Flavor | Version | Tinstall | Tcheck | Ttotal | Status | Flags |
---|---|---|---|---|---|---|
r-devel-linux-x86_64-debian-clang | 0.3.2 | 11.48 | 107.09 | 118.57 | OK | |
r-devel-linux-x86_64-debian-gcc | 0.3.2 | 7.96 | 79.37 | 87.33 | OK | |
r-devel-linux-x86_64-fedora-clang | 0.3.2 | 153.65 | NOTE | |||
r-devel-linux-x86_64-fedora-gcc | 0.3.2 | 162.42 | NOTE | |||
r-devel-windows-x86_64 | 0.3.2 | 10.00 | 93.00 | 103.00 | OK | |
r-patched-linux-x86_64 | 0.3.2 | 13.16 | 101.23 | 114.39 | OK | |
r-release-linux-x86_64 | 0.3.2 | 9.42 | 102.79 | 112.21 | OK | |
r-release-macos-arm64 | 0.3.2 | 45.00 | OK | |||
r-release-windows-x86_64 | 0.3.2 | 10.00 | 93.00 | 103.00 | OK | |
r-oldrel-macos-arm64 | 0.3.2 | 63.00 | OK | |||
r-oldrel-macos-x86_64 | 0.3.2 | 102.00 | OK | |||
r-oldrel-windows-x86_64 | 0.3.2 | 13.00 | 114.00 | 127.00 | OK |
Version: 0.3.2
Check: Rd cross-references
Result: NOTE
Undeclared package ‘fortunes’ in Rd xrefs
Flavor: r-devel-linux-x86_64-fedora-clang
Version: 0.3.2
Check: data for non-ASCII characters
Result: NOTE
Note: found 1 marked UTF-8 string
Flavors: r-devel-linux-x86_64-fedora-clang, r-devel-linux-x86_64-fedora-gcc