Last updated on 2024-04-19 08:54:56 CEST.
Flavor | Version | Tinstall | Tcheck | Ttotal | Status | Flags |
---|---|---|---|---|---|---|
r-devel-linux-x86_64-debian-clang | 1.5.4 | 8.59 | 459.15 | 467.74 | OK | |
r-devel-linux-x86_64-debian-gcc | 1.5.4 | OK | ||||
r-devel-linux-x86_64-fedora-clang | 1.5.4 | 555.68 | OK | |||
r-devel-linux-x86_64-fedora-gcc | 1.5.4 | 597.04 | OK | |||
r-prerel-macos-arm64 | 1.5.4 | 141.00 | OK | |||
r-prerel-macos-x86_64 | 1.5.4 | 267.00 | OK | |||
r-prerel-windows-x86_64 | 1.5.4 | 12.00 | 233.00 | 245.00 | OK | |
r-patched-linux-x86_64 | 1.5.4 | 8.44 | 393.07 | 401.51 | NOTE | |
r-release-linux-x86_64 | 1.5.4 | 7.68 | 442.67 | 450.35 | OK | |
r-release-macos-arm64 | 1.5.4 | 149.00 | OK | |||
r-release-macos-x86_64 | 1.5.4 | 250.00 | OK | |||
r-release-windows-x86_64 | 1.5.4 | 15.00 | 301.00 | 316.00 | OK | |
r-oldrel-macos-arm64 | 1.5.4 | 128.00 | OK | |||
r-oldrel-windows-x86_64 | 1.5.4 | 14.00 | 300.00 | 314.00 | OK |
Version: 1.5.4
Check: package dependencies
Result: NOTE
Package suggested but not available for checking: ‘metaBMA’
Flavor: r-patched-linux-x86_64