Last updated on 2024-04-23 08:58:18 CEST.
Flavor | Version | Tinstall | Tcheck | Ttotal | Status | Flags |
---|---|---|---|---|---|---|
r-devel-linux-x86_64-debian-clang | 2.1-9 | 293.56 | 376.89 | 670.45 | OK | |
r-devel-linux-x86_64-debian-gcc | 2.1-9 | 198.32 | 253.49 | 451.81 | OK | |
r-devel-linux-x86_64-fedora-clang | 2.1-9 | 910.69 | OK | |||
r-devel-linux-x86_64-fedora-gcc | 2.1-9 | 842.92 | OK | |||
r-prerel-macos-arm64 | 2.1-9 | 169.00 | NOTE | |||
r-prerel-windows-x86_64 | 2.1-9 | 214.00 | 304.00 | 518.00 | OK | |
r-patched-linux-x86_64 | 2.1-9 | 273.06 | 345.57 | 618.63 | OK | |
r-release-linux-x86_64 | 2.1-9 | 269.61 | 346.63 | 616.24 | OK | |
r-release-macos-arm64 | 2.1-9 | 184.00 | NOTE | |||
r-release-macos-x86_64 | 2.1-9 | 376.00 | NOTE | |||
r-release-windows-x86_64 | 2.1-9 | 259.00 | 393.00 | 652.00 | OK | |
r-oldrel-macos-arm64 | 2.1-9 | 178.00 | NOTE | |||
r-oldrel-windows-x86_64 | 2.1-9 | 240.00 | 402.00 | 642.00 | OK |
Version: 2.1-9
Check: installed package size
Result: NOTE
installed size is 6.0Mb
sub-directories of 1Mb or more:
libs 4.8Mb
Flavors: r-prerel-macos-arm64, r-release-macos-arm64, r-release-macos-x86_64, r-oldrel-macos-arm64