Last updated on 2024-03-12 07:50:08 CET.
Flavor | Version | Tinstall | Tcheck | Ttotal | Status | Flags |
---|---|---|---|---|---|---|
r-devel-linux-x86_64-debian-clang | 1.2.4 | 9.05 | 34.28 | 43.33 | WARN | |
r-devel-linux-x86_64-debian-gcc | 1.2.4 | 5.50 | 27.03 | 32.53 | OK | |
r-devel-linux-x86_64-fedora-clang | 1.2.4 | 53.44 | OK | |||
r-devel-linux-x86_64-fedora-gcc | 1.2.4 | 50.83 | OK | |||
r-devel-windows-x86_64 | 1.2.4 | 14.00 | 49.00 | 63.00 | OK | |
r-patched-linux-x86_64 | 1.2.4 | 6.35 | 34.60 | 40.95 | OK | |
r-release-linux-x86_64 | 1.2.4 | 5.96 | 34.12 | 40.08 | OK | |
r-release-macos-arm64 | 1.2.4 | 40.00 | OK | |||
r-release-macos-x86_64 | 1.2.4 | 58.00 | OK | |||
r-release-windows-x86_64 | 1.2.4 | 13.00 | 42.00 | 55.00 | OK | |
r-oldrel-macos-arm64 | 1.2.4 | 33.00 | OK | |||
r-oldrel-windows-x86_64 | 1.2.4 | 13.00 | 48.00 | 61.00 | OK |
Version: 1.2.4
Check: whether package can be installed
Result: WARN
Found the following significant warnings:
flang-new: warning: argument unused during compilation: '-Wall' [-Wunused-command-line-argument]
See ‘/home/hornik/tmp/R.check/r-devel-clang/Work/PKGS/stima.Rcheck/00install.out’ for details.
* used C compiler: ‘Debian clang version 18.1.0 (rc4-1)’
* used Fortran compiler: ‘Debian flang-new version 18.1.0 (rc4-1)’
Flavor: r-devel-linux-x86_64-debian-clang