Last updated on 2024-08-31 08:48:24 CEST.
Flavor | Version | Tinstall | Tcheck | Ttotal | Status | Flags |
---|---|---|---|---|---|---|
r-devel-linux-x86_64-debian-clang | 1.6-2 | 20.46 | 173.37 | 193.83 | OK | |
r-devel-linux-x86_64-debian-gcc | 1.6-2 | 11.24 | 123.89 | 135.13 | OK | |
r-devel-linux-x86_64-fedora-clang | 1.6-2 | 310.92 | NOTE | |||
r-devel-linux-x86_64-fedora-gcc | 1.6-2 | 322.34 | OK | |||
r-devel-windows-x86_64 | 1.6-2 | 23.00 | 186.00 | 209.00 | OK | |
r-patched-linux-x86_64 | 1.6-2 | 17.11 | 163.26 | 180.37 | OK | |
r-release-linux-x86_64 | 1.6-2 | 20.86 | 164.16 | 185.02 | OK | |
r-release-macos-arm64 | 1.6-2 | 50.00 | OK | |||
r-release-macos-x86_64 | 1.6-2 | 114.00 | OK | |||
r-release-windows-x86_64 | 1.6-2 | 24.00 | 198.00 | 222.00 | OK | |
r-oldrel-macos-arm64 | 1.6-2 | 65.00 | OK | |||
r-oldrel-macos-x86_64 | 1.6-2 | 132.00 | OK | |||
r-oldrel-windows-x86_64 | 1.6-2 | 22.00 | 224.00 | 246.00 | OK |
Version: 1.6-2
Check: Rd cross-references
Result: NOTE
Undeclared package ‘dbscan’ in Rd xrefs
Flavor: r-devel-linux-x86_64-fedora-clang