Last updated on 2024-03-12 07:50:08 CET.
Flavor | Version | Tinstall | Tcheck | Ttotal | Status | Flags |
---|---|---|---|---|---|---|
r-devel-linux-x86_64-debian-clang | 1.7.12 | 272.40 | 466.75 | 739.15 | OK | |
r-devel-linux-x86_64-debian-gcc | 1.7.12 | 189.73 | 337.36 | 527.09 | OK | |
r-devel-linux-x86_64-fedora-clang | 1.7.12 | 945.73 | OK | |||
r-devel-linux-x86_64-fedora-gcc | 1.7.12 | 937.15 | OK | |||
r-devel-windows-x86_64 | 1.7.12 | 179.00 | 362.00 | 541.00 | OK | |
r-patched-linux-x86_64 | 1.7.12 | 184.74 | 451.10 | 635.84 | OK | |
r-release-linux-x86_64 | 1.7.12 | 208.69 | 448.71 | 657.40 | OK | |
r-release-macos-arm64 | 1.7.12 | 238.00 | NOTE | |||
r-release-macos-x86_64 | 1.7.12 | 502.00 | NOTE | |||
r-release-windows-x86_64 | 1.7.12 | 238.00 | 409.00 | 647.00 | OK | |
r-oldrel-macos-arm64 | 1.7.12 | 201.00 | NOTE | |||
r-oldrel-windows-x86_64 | 1.7.12 | 228.00 | 411.00 | 639.00 | OK |
Version: 1.7.12
Check: installed package size
Result: NOTE
installed size is 9.4Mb
sub-directories of 1Mb or more:
libs 7.1Mb
Flavors: r-release-macos-arm64, r-release-macos-x86_64, r-oldrel-macos-arm64