Last updated on 2024-04-26 08:55:16 CEST.
Flavor | Version | Tinstall | Tcheck | Ttotal | Status | Flags |
---|---|---|---|---|---|---|
r-devel-linux-x86_64-debian-clang | 1.8.3 | 201.30 | 73.80 | 275.10 | OK | |
r-devel-linux-x86_64-debian-gcc | 1.8.3 | 127.34 | 52.59 | 179.93 | OK | |
r-devel-linux-x86_64-fedora-clang | 1.8.3 | 458.23 | OK | |||
r-devel-linux-x86_64-fedora-gcc | 1.8.3 | 360.99 | OK | |||
r-devel-windows-x86_64 | 1.8.3 | 805.00 | 5.00 | 810.00 | ERROR | |
r-patched-linux-x86_64 | 1.8.3 | 185.17 | 69.26 | 254.43 | OK | |
r-release-linux-x86_64 | 1.8.3 | 181.34 | 67.50 | 248.84 | OK | |
r-release-macos-arm64 | 1.8.3 | 81.00 | NOTE | |||
r-release-windows-x86_64 | 1.8.3 | 814.00 | 161.00 | 975.00 | NOTE | |
r-oldrel-macos-arm64 | 1.8.3 | 103.00 | NOTE | |||
r-oldrel-macos-x86_64 | 1.8.3 | 172.00 | NOTE | |||
r-oldrel-windows-x86_64 | 1.8.3 | 695.00 | 169.00 | 864.00 | NOTE |
Version: 1.8.3
Check: whether package can be installed
Result: ERROR
Installation failed.
Flavor: r-devel-windows-x86_64
Version: 1.8.3
Check: installed package size
Result: NOTE
installed size is 34.7Mb
sub-directories of 1Mb or more:
libs 33.9Mb
Flavors: r-release-macos-arm64, r-release-windows-x86_64, r-oldrel-macos-arm64, r-oldrel-macos-x86_64, r-oldrel-windows-x86_64