Last updated on 2024-03-12 07:50:09 CET.
Flavor | Version | Tinstall | Tcheck | Ttotal | Status | Flags |
---|---|---|---|---|---|---|
r-devel-linux-x86_64-debian-clang | 2.4.1 | 90.44 | 473.52 | 563.96 | NOTE | |
r-devel-linux-x86_64-debian-gcc | 2.4.1 | 62.31 | 348.25 | 410.56 | NOTE | |
r-devel-linux-x86_64-fedora-clang | 2.4.1 | 695.54 | NOTE | |||
r-devel-linux-x86_64-fedora-gcc | 2.4.1 | 674.55 | NOTE | |||
r-devel-windows-x86_64 | 2.4.1 | 47.00 | 281.00 | 328.00 | NOTE | |
r-patched-linux-x86_64 | 2.4.1 | 49.80 | 409.78 | 459.58 | OK | |
r-release-linux-x86_64 | 2.4.1 | 40.97 | 403.39 | 444.36 | OK | |
r-release-macos-arm64 | 2.4.1 | 123.00 | OK | |||
r-release-macos-x86_64 | 2.4.1 | 348.00 | OK | |||
r-release-windows-x86_64 | 2.4.1 | 61.00 | 332.00 | 393.00 | OK | |
r-oldrel-macos-arm64 | 2.4.1 | 333.00 | OK | |||
r-oldrel-windows-x86_64 | 2.4.1 | 63.00 | 317.00 | 380.00 | OK |
Version: 2.4.1
Check: Rd files
Result: NOTE
checkRd: (-1) calculateStatistics.Rd:22: Lost braces; missing escapes or markup?
22 | \item{quant}{numeric quantile to calculate {0,1}, default 0.95.}
| ^
Flavors: r-devel-linux-x86_64-debian-clang, r-devel-linux-x86_64-debian-gcc, r-devel-linux-x86_64-fedora-clang, r-devel-linux-x86_64-fedora-gcc, r-devel-windows-x86_64