CRAN Package Check Results for Package subniche

Last updated on 2021-06-21 08:50:07 CEST.

Flavor Version Tinstall Tcheck Ttotal Status Flags
r-devel-linux-x86_64-debian-clang 1.4 10.87 98.22 109.09 OK
r-devel-linux-x86_64-debian-gcc 1.4 10.01 73.16 83.17 OK
r-devel-linux-x86_64-fedora-clang 1.4 137.14 OK
r-devel-linux-x86_64-fedora-gcc 1.4 131.42 OK
r-devel-windows-x86_64 1.4 19.00 120.00 139.00 OK
r-devel-windows-x86_64-gcc10-UCRT 1.4 OK
r-patched-linux-x86_64 1.4 18.82 97.51 116.33 OK
r-patched-solaris-x86 1.4 180.90 OK
r-release-linux-x86_64 1.4 9.70 93.86 103.56 OK
r-release-macos-arm64 1.4 NOTE
r-release-macos-x86_64 1.4 OK
r-release-windows-ix86+x86_64 1.4 28.00 101.00 129.00 OK
r-oldrel-macos-x86_64 1.4 OK

Check Details

Version: 1.4
Check: package dependencies
Result: NOTE
    Package suggested but not available for checking: ‘spdep’
Flavor: r-release-macos-arm64