Last updated on 2024-07-27 08:49:33 CEST.
Flavor | Version | Tinstall | Tcheck | Ttotal | Status | Flags |
---|---|---|---|---|---|---|
r-devel-linux-x86_64-debian-clang | 0.15.5 | 40.21 | 55.34 | 95.55 | OK | |
r-devel-linux-x86_64-debian-gcc | 0.15.5 | NOTE | ||||
r-devel-linux-x86_64-fedora-clang | 0.15.5 | 155.65 | OK | |||
r-devel-linux-x86_64-fedora-gcc | 0.15.5 | 147.76 | WARN | |||
r-devel-windows-x86_64 | 0.15.5 | 39.00 | 101.00 | 140.00 | NOTE | |
r-patched-linux-x86_64 | 0.15.5 | OK | ||||
r-release-linux-x86_64 | 0.15.5 | 37.80 | 54.41 | 92.21 | OK | |
r-release-macos-arm64 | 0.15.5 | 41.00 | OK | |||
r-release-macos-x86_64 | 0.15.5 | 56.00 | OK | |||
r-release-windows-x86_64 | 0.15.5 | 41.00 | 95.00 | 136.00 | OK | |
r-oldrel-macos-arm64 | 0.15.5 | 50.00 | OK | |||
r-oldrel-macos-x86_64 | 0.15.5 | 99.00 | OK | |||
r-oldrel-windows-x86_64 | 0.15.5 | 39.00 | 105.00 | 144.00 | OK |
Version: 0.15.5
Check: Rd cross-references
Result: NOTE
Found the following Rd file(s) with Rd \link{} targets missing package
anchors:
ldaHmat.Rd: lda
Please provide package anchors for all Rd \link{} targets not in the
package itself and the base packages.
Flavors: r-devel-linux-x86_64-debian-gcc, r-devel-windows-x86_64
Version: 0.15.5
Check: whether package can be installed
Result: WARN
Found the following significant warnings:
ItIndices.h:29:28: warning: template-id not allowed for constructor in C++20 [-Wtemplate-id-cdtor]
ItIndices.h:36:28: warning: template-id not allowed for constructor in C++20 [-Wtemplate-id-cdtor]
ItIndices.h:37:28: warning: template-id not allowed for constructor in C++20 [-Wtemplate-id-cdtor]
ItIndices.h:47:29: warning: template-id not allowed for constructor in C++20 [-Wtemplate-id-cdtor]
ItIndices.h:58:29: warning: template-id not allowed for constructor in C++20 [-Wtemplate-id-cdtor]
ItIndices.h:59:28: warning: template-id not allowed for constructor in C++20 [-Wtemplate-id-cdtor]
See ‘/data/gannet/ripley/R/packages/tests-devel/subselect.Rcheck/00install.out’ for details.
* used C compiler: ‘gcc-14 (GCC) 14.1.0’
* used Fortran compiler: ‘GNU Fortran (GCC) 14.1.0’
* used C++ compiler: ‘g++-14 (GCC) 14.1.0’
Flavor: r-devel-linux-x86_64-fedora-gcc