CRAN Package Check Results for Package subspace

Last updated on 2024-06-15 08:49:50 CEST.

Flavor Version Tinstall Tcheck Ttotal Status Flags
r-devel-linux-x86_64-debian-clang 1.0.4 9.35 83.57 92.92 NOTE
r-devel-linux-x86_64-debian-gcc 1.0.4 6.53 60.76 67.29 NOTE
r-devel-linux-x86_64-fedora-clang 1.0.4 112.92 NOTE
r-devel-linux-x86_64-fedora-gcc 1.0.4 108.11 NOTE
r-devel-windows-x86_64 1.0.4 8.00 75.00 83.00 NOTE
r-patched-linux-x86_64 1.0.4 12.15 78.78 90.93 NOTE
r-release-linux-x86_64 1.0.4 9.55 78.18 87.73 NOTE
r-release-macos-arm64 1.0.4 36.00 NOTE
r-release-macos-x86_64 1.0.4 51.00 NOTE
r-release-windows-x86_64 1.0.4 10.00 76.00 86.00 NOTE
r-oldrel-macos-arm64 1.0.4 39.00 OK
r-oldrel-macos-x86_64 1.0.4 53.00 OK
r-oldrel-windows-x86_64 1.0.4 10.00 89.00 99.00 OK

Check Details

Version: 1.0.4
Check: Rd files
Result: NOTE checkRd: (-1) P3C.Rd:18: Lost braces; missing escapes or markup? 18 | used for this will be 1.00*10^{-PoissonThreshold}.} | ^ Flavors: r-devel-linux-x86_64-debian-clang, r-devel-linux-x86_64-debian-gcc, r-devel-linux-x86_64-fedora-clang, r-devel-linux-x86_64-fedora-gcc, r-devel-windows-x86_64, r-patched-linux-x86_64, r-release-linux-x86_64, r-release-macos-arm64, r-release-macos-x86_64, r-release-windows-x86_64